{"id":1321,"date":"2020-03-27T13:41:58","date_gmt":"2020-03-27T12:41:58","guid":{"rendered":"http:\/\/cpeu.ffzg.unizg.hr\/?page_id=1321"},"modified":"2023-03-02T15:09:04","modified_gmt":"2023-03-02T14:09:04","slug":"bigbluebutton","status":"publish","type":"page","link":"https:\/\/cpeu.ffzg.unizg.hr\/?page_id=1321","title":{"rendered":"BigBlueButton"},"content":{"rendered":"<p>Aktivnost za dr\u017eanje predavanja ili sastanaka u\u017eivo unutar virtualne u\u010dionice\/sobe uz mogu\u0107nost snimanja i naknadne reprodukcije. Nastavnici i studenti mogu sudjelovati kori\u0161tenjem web-kamere (video), mikrofona (aktivno sudjelovanje uz zvu\u010dni zapis), slu\u0161alica ili zvu\u010dnika (pasivno sudjelovanje, uloga slu\u0161a\u010da) te kroz ugra\u0111enu mogu\u0107nost tekstualnog dopisivanja (en. chat). Nastavnik studentima mo\u017ee prikazati prezentaciju ili drugu datoteku po potrebi (.DOCX, .PPTX, .PDF) ili video snimku s YouTube. Tako\u0111er je mogu\u0107e zadati anketu s jednim pitanjem za vrijeme trajanja takvog predavanja. Predavanja je mogu\u0107e snimiti i unaprijed.<\/p>\n<p>Kako biste dodali aktivnost <strong>BigBlueButton <\/strong>na svoj e-kolegij, kliknite gore desno na gumb &#8220;Ure\u0111ivanje&#8221;.<\/p>\n<div id=\"attachment_2907\" style=\"width: 430px\" class=\"wp-caption aligncenter\"><img loading=\"lazy\" decoding=\"async\" aria-describedby=\"caption-attachment-2907\" class=\"size-full wp-image-2907\" src=\"http:\/\/cpeu.ffzg.unizg.hr\/wp-content\/uploads\/2023\/02\/2023-gumb-uredjivanje-off-1.png\" alt=\"Gumb &quot;Ure\u0111ivanje&quot; - uklju\u010den\" width=\"420\" height=\"298\" srcset=\"https:\/\/cpeu.ffzg.unizg.hr\/wp-content\/uploads\/2023\/02\/2023-gumb-uredjivanje-off-1.png 420w, https:\/\/cpeu.ffzg.unizg.hr\/wp-content\/uploads\/2023\/02\/2023-gumb-uredjivanje-off-1-300x213.png 300w\" sizes=\"auto, (max-width: 420px) 100vw, 420px\" \/><p id=\"caption-attachment-2907\" class=\"wp-caption-text\">Gumb &#8220;Ure\u0111ivanje&#8221; &#8211; uklju\u010den<\/p><\/div>\n<p>Kada omogu\u0107ite ure\u0111ivanje, ikona \u0107e iz sive boje prije\u0107i u <strong>ljubi\u010dastu<\/strong>.<\/p>\n<div id=\"attachment_2902\" style=\"width: 430px\" class=\"wp-caption aligncenter\"><img loading=\"lazy\" decoding=\"async\" aria-describedby=\"caption-attachment-2902\" class=\"size-full wp-image-2902\" src=\"http:\/\/cpeu.ffzg.unizg.hr\/wp-content\/uploads\/2023\/02\/2023-gumb-uredjivanje-on.png\" alt=\"Gumb &quot;Ure\u0111ivanje&quot; - uklju\u010den\" width=\"420\" height=\"298\" srcset=\"https:\/\/cpeu.ffzg.unizg.hr\/wp-content\/uploads\/2023\/02\/2023-gumb-uredjivanje-on.png 420w, https:\/\/cpeu.ffzg.unizg.hr\/wp-content\/uploads\/2023\/02\/2023-gumb-uredjivanje-on-300x213.png 300w\" sizes=\"auto, (max-width: 420px) 100vw, 420px\" \/><p id=\"caption-attachment-2902\" class=\"wp-caption-text\">Gumb &#8220;Ure\u0111ivanje&#8221; &#8211; uklju\u010den<\/p><\/div>\n<p>Potom u sekciji ili temi u koju \u017eelite dodati aktivnost <strong>BigBlueButton<\/strong> kliknite na poveznicu &#8220;Dodajte aktivnost ili resurs&#8221;.<\/p>\n<div id=\"attachment_2904\" style=\"width: 337px\" class=\"wp-caption aligncenter\"><img loading=\"lazy\" decoding=\"async\" aria-describedby=\"caption-attachment-2904\" class=\"size-full wp-image-2904\" src=\"http:\/\/cpeu.ffzg.unizg.hr\/wp-content\/uploads\/2023\/02\/2023-Dodajte-aktivnost-ili-resurs.png\" alt=\"Poveznica &quot;Dodajte aktivnost ili resurs&quot;\" width=\"327\" height=\"79\" srcset=\"https:\/\/cpeu.ffzg.unizg.hr\/wp-content\/uploads\/2023\/02\/2023-Dodajte-aktivnost-ili-resurs.png 327w, https:\/\/cpeu.ffzg.unizg.hr\/wp-content\/uploads\/2023\/02\/2023-Dodajte-aktivnost-ili-resurs-300x72.png 300w\" sizes=\"auto, (max-width: 327px) 100vw, 327px\" \/><p id=\"caption-attachment-2904\" class=\"wp-caption-text\">Poveznica &#8220;Dodajte aktivnost ili resurs&#8221;<\/p><\/div>\n<p>U izborniku kliknite na aktivnost <strong>BigBlueButton<\/strong>. Ako ju ne vidite na po\u010detnom zaslonu izbornika, kliknite na karticu Aktivnosti, prona\u0111ite ju i odaberite tamo.<\/p>\n<div id=\"attachment_2898\" style=\"width: 832px\" class=\"wp-caption aligncenter\"><img loading=\"lazy\" decoding=\"async\" aria-describedby=\"caption-attachment-2898\" class=\"size-full wp-image-2898\" src=\"http:\/\/cpeu.ffzg.unizg.hr\/wp-content\/uploads\/2023\/02\/2023-aktivnosti-03-izbornik-BigBlueButton.png\" alt=\"Odabir aktivnosti &quot;BigBlueButton&quot;\" width=\"822\" height=\"728\" srcset=\"https:\/\/cpeu.ffzg.unizg.hr\/wp-content\/uploads\/2023\/02\/2023-aktivnosti-03-izbornik-BigBlueButton.png 822w, https:\/\/cpeu.ffzg.unizg.hr\/wp-content\/uploads\/2023\/02\/2023-aktivnosti-03-izbornik-BigBlueButton-300x266.png 300w, https:\/\/cpeu.ffzg.unizg.hr\/wp-content\/uploads\/2023\/02\/2023-aktivnosti-03-izbornik-BigBlueButton-768x680.png 768w, https:\/\/cpeu.ffzg.unizg.hr\/wp-content\/uploads\/2023\/02\/2023-aktivnosti-03-izbornik-BigBlueButton-624x553.png 624w\" sizes=\"auto, (max-width: 822px) 100vw, 822px\" \/><p id=\"caption-attachment-2898\" class=\"wp-caption-text\">Odabir aktivnosti &#8220;BigBlueButton&#8221;<\/p><\/div>\n<p>Postavke aktivnosti <strong>BigBlueButton <\/strong>su organizirane u sekcije: <strong>Op\u0107e<\/strong>, <strong>Postavke sobe\/aktivnosti<\/strong>, <strong>Postavke zaklju\u010divanja, Sadr\u017eaj prezentacije<\/strong>, <strong>Sudionici<\/strong>, <strong>Zakazivanje sesije<\/strong>, <strong>Zajedni\u010dke postavke modula,<\/strong> <strong>Ograni\u010di dostupnost <\/strong>i <strong>Dovr\u0161enost aktivnosti<\/strong>.<\/p>\n<p>Prvo je potrebno odrediti vrstu BigBlueButton instance:<\/p>\n<ul>\n<li><strong>Soba\/aktivnost sa snimkama<\/strong><\/li>\n<li>Samo soba\/aktivnost<\/li>\n<li>Prethodno snimljene snimke<\/li>\n<\/ul>\n<p>Preporu\u010dujemo da ostavite odabranu opciju &#8211; <strong>Soba\/aktivnost sa snimkama<\/strong>!<\/p>\n<h3>Video upute o tome kako izraditi aktivnost BigBlueButton<\/h3>\n<p><iframe loading=\"lazy\" src=\"https:\/\/www.youtube-nocookie.com\/embed\/aZo4K84BJX0?rel=0\" width=\"560\" height=\"315\" frameborder=\"0\" allowfullscreen=\"allowfullscreen\"><span style=\"display: inline-block; width: 0px; overflow: hidden; line-height: 0;\" data-mce-type=\"bookmark\" class=\"mce_SELRES_start\">\ufeff<\/span><\/iframe><\/p>\n<h3>Video upute o tome kako snimiti predavanje kori\u0161tenjem aktivnosti BigBlueButton<\/h3>\n<p><iframe loading=\"lazy\" src=\"https:\/\/www.youtube-nocookie.com\/embed\/o4IMqsj5o44?rel=0\" width=\"560\" height=\"315\" frameborder=\"0\" allowfullscreen=\"allowfullscreen\"><\/iframe><\/p>\n<h3><strong>Sekcija Op\u0107e postavke<br \/>\n<\/strong><\/h3>\n<p><strong>Naziv virtualne u\u010dionice:<\/strong> Ovdje je potrebno upisati naziv koji \u0107e biti prikazan na naslovnici e-kolegija.<\/p>\n<p>Po upisu naziva virtualne u\u010dionice OBAVEZNO kliknite na poveznicu &#8220;<strong>Prika\u017ei vi\u0161e&#8230;<\/strong>&#8221; odmah ispod te postavke! Potom \u0107e se pojaviti polje za unos opisa.<\/p>\n<p><strong>Opis:<\/strong> <strong>tu je potrebno obavezno upisati naziv predavanja i prezime nastavnika<\/strong> (radi lak\u0161eg pronalaska snimke za vrijeme obrade).<\/p>\n<p><strong>Prika\u017ei opis\/upute na naslovnici:<\/strong> Ako \u017eelite prikazati opis \/ upute na naslovnici i prije nego student klikne na poveznicu aktivnosti. Zadana vrijednost je isklju\u010deno, ostavite tako.<\/p>\n<p><strong>Po\u0161alji obavijest:<\/strong> ako je omogu\u0107eno, nakon stvaranja ili izmjena postavki ove aktivnosti, svim polaznicima \u0107e do\u0107i obavijest o tome! Zadana vrijednost je isklju\u010deno.<\/p>\n<h3><strong>Sekcija Postavke sobe\/aktivnosti<br \/>\n<\/strong><\/h3>\n<p><strong>Poruka dobrodo\u0161lice:\u00a0<\/strong>Ovdje mo\u017eete napisati kra\u0107u poruku dobrodo\u0161lice studentima, poput informacije da obavezno ugase mikrofone i kamere ili da pitanja postavljaju kori\u0161tenjem tekstualne opcije chat (s lijeve strane su\u010delja BigBlueButton aktivnosti).<\/p>\n<p><strong>\u010cekanje moderatora:<\/strong> Studenti ne mogu pristupiti virtualnoj u\u010dionici dok to prvo ne u\u010dini nastavnik \/ moderator. Zadano je ova opcija isklju\u010dena.<\/p>\n<p><strong>Sesija mo\u017ee biti snimana:<\/strong> Omogu\u0107ava izradu snimke sesije. Zadano je ova opcija uklju\u010dena.<\/p>\n<h3><strong>Sekcija Postavke zaklju\u010davanja<br \/>\n<\/strong><\/h3>\n<p>U ovoj sekciji mo\u017eete onemogu\u0107iti ili zaklju\u010dati pojedine mogu\u0107nosti unutar navedene virtualne sobe (onemogu\u0107avanje\/zaklju\u010davanje se odnosi na sudionike koji nisu moderatori, a moderatori uvijek mogu otklju\u010dati te mogu\u0107nosti kada sesija zapo\u010dne). Mogu\u0107nosti koje mo\u017eete zaklju\u010dati su:<\/p>\n<ul>\n<li>Onemogu\u0107i kamere<\/li>\n<li>Onemogu\u0107i mikrofone<\/li>\n<li>Onemogu\u0107i privatni chat<\/li>\n<li>Onemogu\u0107i javni chat<\/li>\n<li>Onemogu\u0107i dijeljene bilje\u0161ke<\/li>\n<li>Ignoriraj postavke zaklju\u010davanja<\/li>\n<li>Skrij popis sudionika<\/li>\n<\/ul>\n<h3><strong>Sekcija<\/strong> Sadr\u017eaj prezentacije<\/h3>\n<p><strong>Odabrane datoteke<\/strong><\/p>\n<p>Ovdje je mogu\u0107e postaviti prezentaciju \/ datoteke prije samog po\u010detka sesije, pa \u0107e ista biti automatski u\u010ditana pri pokretanju sesije.<\/p>\n<h3><strong>Sekcija Sudionici<\/strong><\/h3>\n<p><strong>Popis sudionika:<\/strong> Popis polaznika i njihove uloge u virtualnoj u\u010dionici, bilo po klasama korisnika (nastavnici, studenti&#8230;) ili po imenu i prezimenu pojedina\u010dnog polaznika.<\/p>\n<h3><strong>Sekcija Zakazivanje sesije<br \/>\n<\/strong><\/h3>\n<p><strong>Otvaranje virtualne u\u010dionice:<\/strong> Potrebno je ozna\u010diti <strong>Omogu\u0107i<\/strong> na kraju tog retka (staviti kva\u010dicu) i potom unijeti datum i vrijeme od kada \u0107e pristup virtualnoj u\u010dionici biti mogu\u0107. Zadano je ova opcija isklju\u010dena.<\/p>\n<p><strong>Zatvaranje virtualne u\u010dionice:<\/strong> Potrebno je ozna\u010diti <strong>Omogu\u0107i<\/strong> na kraju tog retka (staviti kva\u010dicu) i potom unijeti datum i vrijeme od kada pristup virtualnoj u\u010dionici ne\u0107e biti mogu\u0107. Zadano je ova opcija isklju\u010dena.<\/p>\n<h3><strong>Sekcija<\/strong> Zajedni\u010dke postavke modula<\/h3>\n<p>Sve aktivnosti i resursi u postavkama imaju ovu sekciju, u kojoj je mogu\u0107e urediti vidljivost aktivnosti \/ resursa studentima, ID broj aktivnosti \/ resursa te, ako aktivnost to podr\u017eava, postavke za grupni oblik nastave.<\/p>\n<p><strong>Dostupnost:<\/strong> mogu\u0107e je zadati da se aktivnost \/ resurs ne prikazuje studentima (vrijednost &#8220;<strong>Skrij od studenata<\/strong>&#8220;). Zadana vrijednost je &#8220;<strong>Prika\u017ei na naslovnici e-kolegija<\/strong>&#8220;.<\/p>\n<p><strong>ID broj:<\/strong> Postavljanje ID broja omogu\u0107ava identifikaciju aktivnosti u svrhu ra\u010dunanja ocjena. Ako aktivnost nije obuhva\u0107ena nekim oblikom ocjenjivanja, polje koje sadr\u017eava ID broj se mo\u017ee ostaviti praznim. ID se tako\u0111er mo\u017ee postaviti u alatu za ocjenjivanje, no mo\u017ee se ure\u0111ivati jedino na stranici s postavkama odre\u0111ene aktivnosti. Zadano je ostavljeno prazno (bez vrijednosti).<\/p>\n<p><strong>Grupni oblik:<\/strong> Ova postavka ima 3 opcije:<\/p>\n<ul>\n<li><strong>Bez grupa<\/strong> &#8211; Nema pod-grupa.<\/li>\n<li><strong>Odvojene grupe<\/strong> &#8211; Svaki \u010dlan grupe mo\u017ee vidjeti samo \u010dlanove svoje grupe, ostali \u010dlanovi su nevidljivi.<\/li>\n<li><strong>Vidljive grupe<\/strong> &#8211; Svaki \u010dlan grupe vidi \u010dlanove svoje grupe, ali mo\u017ee vidjeti i \u010dlanove drugih grupa.<\/li>\n<\/ul>\n<p>Grupni na\u010din rada koji je zadan na razini e-kolegija je tada zadani na\u010din rada i za sve aktivnosti na tom e-kolegiju. Za svaku aktivnost koja podr\u017eava grupe tako\u0111er mo\u017ee se podesiti vlastiti grupni na\u010din rada, iako je isti zanemaren, tj. nadja\u010dan od strane postavke na razini e-kolegija.<\/p>\n<h3><strong>Sekcija Ograni\u010di dostupnost<\/strong><\/h3>\n<p><span data-sheets-value=\"{&quot;1&quot;:2,&quot;2&quot;:&quot;Dovr\u0161enost aktivnosti - Zahtijeva od studenta dovr\u0161etak (ili ne-dovr\u0161etak) druge aktivnosti.\\nDatum - Ograni\u010denje dostupnosti do (ili od) zadanog datuma i vremena. Ako \u017eelite ograni\u010diti dostupnost i OD i DO zadanog datuma i vremena, morate postaviti 2 odvojena uvjeta (od kada u jednom uvjetu i do kada u drugome). Napomena vezana uz vrijeme: pripazite, ako ste zadali da je ne\u0161to dostupno do 01.05.2020. u 00:00, tada je to dostupno do 30.04.2020. u 23:59, a ne cijeli dan do pono\u0107i 01.05.2020.!\\nOcjena - Ograni\u010denje prema ostvarenoj ocjeni na nekoj drugoj, prethodno dovr\u0161enoj aktivnosti (uvjet mo\u017ee biti vi\u0161a ili ni\u017ea ocjena).\\nSkup ograni\u010denja - Skup prethodno opisanih ograni\u010denja, ali ulan\u010danih uz primjenu slo\u017eene logike.&quot;}\" data-sheets-userformat=\"{&quot;2&quot;:897,&quot;3&quot;:{&quot;1&quot;:0},&quot;10&quot;:1,&quot;11&quot;:4,&quot;12&quot;:0}\" data-sheets-textstyleruns=\"[null,0,{&quot;5&quot;:1}]\uee10{&quot;1&quot;:21}\uee10[null,93,{&quot;5&quot;:1}]\uee10{&quot;1&quot;:99}\uee10[null,198,{&quot;5&quot;:1}]\uee10{&quot;1&quot;:200}\uee10[null,203,{&quot;5&quot;:1}]\uee10{&quot;1&quot;:205}\uee10[null,249,{&quot;5&quot;:1}]\uee10{&quot;1&quot;:266}\uee10[null,268,{&quot;6&quot;:1}]\uee10{&quot;1&quot;:276}\uee10[null,294,{&quot;6&quot;:1}]\uee10{&quot;1&quot;:302}\uee10[null,314,{&quot;5&quot;:1}]\uee10{&quot;1&quot;:342}\uee10[null,389,{&quot;5&quot;:1}]\uee10{&quot;1&quot;:411}\uee10[null,424,{&quot;5&quot;:1}]\uee10{&quot;1&quot;:432}\uee10[null,433,{&quot;5&quot;:1}]\uee10{&quot;1&quot;:455}\uee10[null,496,{&quot;5&quot;:1}]\uee10{&quot;1&quot;:503}\uee10[null,629,{&quot;5&quot;:1}]\uee10{&quot;1&quot;:645}\"><strong>Dovr\u0161enost aktivnosti:<\/strong> Zahtijeva od studenta dovr\u0161etak (ili ne-dovr\u0161etak) druge aktivnosti.<\/span><\/p>\n<p><span data-sheets-value=\"{&quot;1&quot;:2,&quot;2&quot;:&quot;Dovr\u0161enost aktivnosti - Zahtijeva od studenta dovr\u0161etak (ili ne-dovr\u0161etak) druge aktivnosti.\\nDatum - Ograni\u010denje dostupnosti do (ili od) zadanog datuma i vremena. Ako \u017eelite ograni\u010diti dostupnost i OD i DO zadanog datuma i vremena, morate postaviti 2 odvojena uvjeta (od kada u jednom uvjetu i do kada u drugome). Napomena vezana uz vrijeme: pripazite, ako ste zadali da je ne\u0161to dostupno do 01.05.2020. u 00:00, tada je to dostupno do 30.04.2020. u 23:59, a ne cijeli dan do pono\u0107i 01.05.2020.!\\nOcjena - Ograni\u010denje prema ostvarenoj ocjeni na nekoj drugoj, prethodno dovr\u0161enoj aktivnosti (uvjet mo\u017ee biti vi\u0161a ili ni\u017ea ocjena).\\nSkup ograni\u010denja - Skup prethodno opisanih ograni\u010denja, ali ulan\u010danih uz primjenu slo\u017eene logike.&quot;}\" data-sheets-userformat=\"{&quot;2&quot;:897,&quot;3&quot;:{&quot;1&quot;:0},&quot;10&quot;:1,&quot;11&quot;:4,&quot;12&quot;:0}\" data-sheets-textstyleruns=\"[null,0,{&quot;5&quot;:1}]\uee10{&quot;1&quot;:21}\uee10[null,93,{&quot;5&quot;:1}]\uee10{&quot;1&quot;:99}\uee10[null,198,{&quot;5&quot;:1}]\uee10{&quot;1&quot;:200}\uee10[null,203,{&quot;5&quot;:1}]\uee10{&quot;1&quot;:205}\uee10[null,249,{&quot;5&quot;:1}]\uee10{&quot;1&quot;:266}\uee10[null,268,{&quot;6&quot;:1}]\uee10{&quot;1&quot;:276}\uee10[null,294,{&quot;6&quot;:1}]\uee10{&quot;1&quot;:302}\uee10[null,314,{&quot;5&quot;:1}]\uee10{&quot;1&quot;:342}\uee10[null,389,{&quot;5&quot;:1}]\uee10{&quot;1&quot;:411}\uee10[null,424,{&quot;5&quot;:1}]\uee10{&quot;1&quot;:432}\uee10[null,433,{&quot;5&quot;:1}]\uee10{&quot;1&quot;:455}\uee10[null,496,{&quot;5&quot;:1}]\uee10{&quot;1&quot;:503}\uee10[null,629,{&quot;5&quot;:1}]\uee10{&quot;1&quot;:645}\"><strong>Datum:<\/strong> Ograni\u010denje dostupnosti do (ili od) zadanog datuma i vremena. Ako \u017eelite ograni\u010diti dostupnost i <strong>OD<\/strong> i <strong>DO<\/strong> zadanog datuma i vremena, morate postaviti <strong>2 odvojena uvjeta<\/strong> (<em>od kada<\/em> u jednom uvjetu i <em>do kada<\/em> u drugome). <strong>Napomena vezana uz vrijeme:<\/strong> pripazite, ako ste zadali da je ne\u0161to dostupno <strong>do 01.05.2023. u 00:00<\/strong>, tada je to dostupno <strong>do 30.04.2023. u 23:59<\/strong>, a ne cijeli dan do pono\u0107i 01.05.2023.!<\/span><\/p>\n<p><span data-sheets-value=\"{&quot;1&quot;:2,&quot;2&quot;:&quot;Dovr\u0161enost aktivnosti - Zahtijeva od studenta dovr\u0161etak (ili ne-dovr\u0161etak) druge aktivnosti.\\nDatum - Ograni\u010denje dostupnosti do (ili od) zadanog datuma i vremena. Ako \u017eelite ograni\u010diti dostupnost i OD i DO zadanog datuma i vremena, morate postaviti 2 odvojena uvjeta (od kada u jednom uvjetu i do kada u drugome). Napomena vezana uz vrijeme: pripazite, ako ste zadali da je ne\u0161to dostupno do 01.05.2020. u 00:00, tada je to dostupno do 30.04.2020. u 23:59, a ne cijeli dan do pono\u0107i 01.05.2020.!\\nOcjena - Ograni\u010denje prema ostvarenoj ocjeni na nekoj drugoj, prethodno dovr\u0161enoj aktivnosti (uvjet mo\u017ee biti vi\u0161a ili ni\u017ea ocjena).\\nSkup ograni\u010denja - Skup prethodno opisanih ograni\u010denja, ali ulan\u010danih uz primjenu slo\u017eene logike.&quot;}\" data-sheets-userformat=\"{&quot;2&quot;:897,&quot;3&quot;:{&quot;1&quot;:0},&quot;10&quot;:1,&quot;11&quot;:4,&quot;12&quot;:0}\" data-sheets-textstyleruns=\"[null,0,{&quot;5&quot;:1}]\uee10{&quot;1&quot;:21}\uee10[null,93,{&quot;5&quot;:1}]\uee10{&quot;1&quot;:99}\uee10[null,198,{&quot;5&quot;:1}]\uee10{&quot;1&quot;:200}\uee10[null,203,{&quot;5&quot;:1}]\uee10{&quot;1&quot;:205}\uee10[null,249,{&quot;5&quot;:1}]\uee10{&quot;1&quot;:266}\uee10[null,268,{&quot;6&quot;:1}]\uee10{&quot;1&quot;:276}\uee10[null,294,{&quot;6&quot;:1}]\uee10{&quot;1&quot;:302}\uee10[null,314,{&quot;5&quot;:1}]\uee10{&quot;1&quot;:342}\uee10[null,389,{&quot;5&quot;:1}]\uee10{&quot;1&quot;:411}\uee10[null,424,{&quot;5&quot;:1}]\uee10{&quot;1&quot;:432}\uee10[null,433,{&quot;5&quot;:1}]\uee10{&quot;1&quot;:455}\uee10[null,496,{&quot;5&quot;:1}]\uee10{&quot;1&quot;:503}\uee10[null,629,{&quot;5&quot;:1}]\uee10{&quot;1&quot;:645}\"><strong>Ocjena:<\/strong> Ograni\u010denje prema ostvarenoj ocjeni na nekoj drugoj, prethodno dovr\u0161enoj aktivnosti (uvjet mo\u017ee biti vi\u0161a ili ni\u017ea ocjena).<\/span><\/p>\n<p><strong>Korisni\u010dki profil:<\/strong> Ograni\u010denje prema vrijednostima u poljima korisni\u010dkog profila pojedinog korisnika (npr. na osnovu adrese e-po\u0161te korisnika).<\/p>\n<p><span data-sheets-value=\"{&quot;1&quot;:2,&quot;2&quot;:&quot;Dovr\u0161enost aktivnosti - Zahtijeva od studenta dovr\u0161etak (ili ne-dovr\u0161etak) druge aktivnosti.\\nDatum - Ograni\u010denje dostupnosti do (ili od) zadanog datuma i vremena. Ako \u017eelite ograni\u010diti dostupnost i OD i DO zadanog datuma i vremena, morate postaviti 2 odvojena uvjeta (od kada u jednom uvjetu i do kada u drugome). Napomena vezana uz vrijeme: pripazite, ako ste zadali da je ne\u0161to dostupno do 01.05.2020. u 00:00, tada je to dostupno do 30.04.2020. u 23:59, a ne cijeli dan do pono\u0107i 01.05.2020.!\\nOcjena - Ograni\u010denje prema ostvarenoj ocjeni na nekoj drugoj, prethodno dovr\u0161enoj aktivnosti (uvjet mo\u017ee biti vi\u0161a ili ni\u017ea ocjena).\\nSkup ograni\u010denja - Skup prethodno opisanih ograni\u010denja, ali ulan\u010danih uz primjenu slo\u017eene logike.&quot;}\" data-sheets-userformat=\"{&quot;2&quot;:897,&quot;3&quot;:{&quot;1&quot;:0},&quot;10&quot;:1,&quot;11&quot;:4,&quot;12&quot;:0}\" data-sheets-textstyleruns=\"[null,0,{&quot;5&quot;:1}]\uee10{&quot;1&quot;:21}\uee10[null,93,{&quot;5&quot;:1}]\uee10{&quot;1&quot;:99}\uee10[null,198,{&quot;5&quot;:1}]\uee10{&quot;1&quot;:200}\uee10[null,203,{&quot;5&quot;:1}]\uee10{&quot;1&quot;:205}\uee10[null,249,{&quot;5&quot;:1}]\uee10{&quot;1&quot;:266}\uee10[null,268,{&quot;6&quot;:1}]\uee10{&quot;1&quot;:276}\uee10[null,294,{&quot;6&quot;:1}]\uee10{&quot;1&quot;:302}\uee10[null,314,{&quot;5&quot;:1}]\uee10{&quot;1&quot;:342}\uee10[null,389,{&quot;5&quot;:1}]\uee10{&quot;1&quot;:411}\uee10[null,424,{&quot;5&quot;:1}]\uee10{&quot;1&quot;:432}\uee10[null,433,{&quot;5&quot;:1}]\uee10{&quot;1&quot;:455}\uee10[null,496,{&quot;5&quot;:1}]\uee10{&quot;1&quot;:503}\uee10[null,629,{&quot;5&quot;:1}]\uee10{&quot;1&quot;:645}\"><strong>Skup ograni\u010denja:<\/strong> Skup prethodno opisanih ograni\u010denja, ali ulan\u010danih uz primjenu slo\u017eene logike.<\/span><\/p>\n<h3><strong>Sekcija Dovr\u0161enost aktivnosti<\/strong><\/h3>\n<p>Ako je omogu\u0107eno, prati se dovr\u0161enost aktivnosti, bilo ru\u010dno ili automatski, ovisno o odre\u0111enim uvjetima. Mogu se zadati vi\u0161estruki uvjeti, ovisno o potrebama. Ako postavite vi\u0161estruke uvjete, tada se aktivnost smatra dovr\u0161enom samo kada su postignuti SVI uvjeti.<\/p>\n<p>Kva\u010dica kraj imena aktivnosti na naslovnici e-kolegija ozna\u010dava je li neka aktivnost dovr\u0161ena.<\/p>\n<p><strong>Pra\u0107enje dovr\u0161enosti:<\/strong><\/p>\n<ul>\n<li><strong>Ne prikazuj dovr\u0161enost aktivnosti:<\/strong> ikona s informacijom o dovr\u0161enosti aktivnosti (kva\u010dica) ne\u0107e biti prikazana.<\/li>\n<li><strong>Studenti mogu ru\u010dno ozna\u010diti aktivnost kao dovr\u0161enu:<\/strong> studenti mogu kliknuti na ikonu s informacijom o dovr\u0161enosti aktivnosti na naslovnici e-kolegija i promijeniti stanje u dovr\u0161eno (kva\u010dica). <strong>Napomena: <\/strong>u ovom slu\u010daju studenti to mogu napraviti i PRIJE nego odrade svoj zadatak \/ aktivnost!<\/li>\n<li><strong>Prika\u017ei ovu aktivnost kao dovr\u0161enu nakon ispunjenja uvjeta:<\/strong> studenti moraju ispuniti zadane uvjete (pregled, rje\u0161avanje, ocjena) prije nego sustav automatski doda kva\u010dicu na naslovnici e-kolegija.<\/li>\n<\/ul>\n<p>Ako je u postavkama pra\u0107enja dovr\u0161enosti odabrano <strong>Prika\u017ei ovu aktivnost kao dovr\u0161enu nakon ispunjenja uvjeta<\/strong>, ovo su dostupne postavke:<\/p>\n<ul>\n<li><strong>Zahtijevaj pregled:<\/strong> Kako bi dovr\u0161ili ovu aktivnost, studenti ju moraju pregledati.<\/li>\n<li><strong>O\u010dekivano dovr\u0161enje do:<\/strong> ozna\u010diti <strong>Omogu\u0107i<\/strong> na kraju tog retka (staviti kva\u010dicu) i potom unijeti datum i sat do kada se od studenta o\u010dekuje dovr\u0161etak te aktivnosti.<\/li>\n<\/ul>\n<p>Kori\u0161tenjem opcije \u201c<strong>Po\u0161alji obavijest sudionicima o promjeni sadr\u017eaja<\/strong>\u201d mogu\u0107e je poslati poruku studentima kod stvaranja nove aktivnosti ili a\u017euriranja postoje\u0107e.<\/p>\n","protected":false},"excerpt":{"rendered":"<p>Aktivnost za dr\u017eanje predavanja ili sastanaka u\u017eivo unutar virtualne u\u010dionice\/sobe uz mogu\u0107nost snimanja i naknadne reprodukcije. Nastavnici i studenti mogu sudjelovati kori\u0161tenjem web-kamere (video), mikrofona (aktivno sudjelovanje uz zvu\u010dni zapis), slu\u0161alica ili zvu\u010dnika (pasivno sudjelovanje, uloga slu\u0161a\u010da) te kroz ugra\u0111enu mogu\u0107nost tekstualnog dopisivanja (en. chat). Nastavnik studentima mo\u017ee prikazati prezentaciju ili drugu datoteku po potrebi [&hellip;]<\/p>\n","protected":false},"author":1,"featured_media":0,"parent":491,"menu_order":0,"comment_status":"closed","ping_status":"closed","template":"","meta":{"footnotes":""},"class_list":["post-1321","page","type-page","status-publish","hentry"],"jetpack_sharing_enabled":true,"_links":{"self":[{"href":"https:\/\/cpeu.ffzg.unizg.hr\/index.php?rest_route=\/wp\/v2\/pages\/1321","targetHints":{"allow":["GET"]}}],"collection":[{"href":"https:\/\/cpeu.ffzg.unizg.hr\/index.php?rest_route=\/wp\/v2\/pages"}],"about":[{"href":"https:\/\/cpeu.ffzg.unizg.hr\/index.php?rest_route=\/wp\/v2\/types\/page"}],"author":[{"embeddable":true,"href":"https:\/\/cpeu.ffzg.unizg.hr\/index.php?rest_route=\/wp\/v2\/users\/1"}],"replies":[{"embeddable":true,"href":"https:\/\/cpeu.ffzg.unizg.hr\/index.php?rest_route=%2Fwp%2Fv2%2Fcomments&post=1321"}],"version-history":[{"count":29,"href":"https:\/\/cpeu.ffzg.unizg.hr\/index.php?rest_route=\/wp\/v2\/pages\/1321\/revisions"}],"predecessor-version":[{"id":3008,"href":"https:\/\/cpeu.ffzg.unizg.hr\/index.php?rest_route=\/wp\/v2\/pages\/1321\/revisions\/3008"}],"up":[{"embeddable":true,"href":"https:\/\/cpeu.ffzg.unizg.hr\/index.php?rest_route=\/wp\/v2\/pages\/491"}],"wp:attachment":[{"href":"https:\/\/cpeu.ffzg.unizg.hr\/index.php?rest_route=%2Fwp%2Fv2%2Fmedia&parent=1321"}],"curies":[{"name":"wp","href":"https:\/\/api.w.org\/{rel}","templated":true}]}}