{"id":1663,"date":"2020-04-13T18:33:17","date_gmt":"2020-04-13T17:33:17","guid":{"rendered":"http:\/\/cpeu.ffzg.unizg.hr\/?page_id=1663"},"modified":"2025-07-18T12:52:40","modified_gmt":"2025-07-18T11:52:40","slug":"upute-za-probni-online-sastanak-vijeca-ffzg-utorak-14-04-2020-u-15-00h","status":"publish","type":"page","link":"https:\/\/cpeu.ffzg.unizg.hr\/?page_id=1663","title":{"rendered":"Upute za online sjednicu Vije\u0107a FFZG"},"content":{"rendered":"<p><strong>VA\u017dNA NAPOMENA:<\/strong> Za pristup trebate koristiti prijenosno ili stolno ra\u010dunalo, morate imati mikrofon i slu\u0161alice te morate koristiti neki od sigurnih Internet preglednika poput Mozilla Firefox ili Google Chrome. Mikrofon imate ili na prijenosnom ra\u010dunalu ili na stolnim ra\u010dunalima u sklopu web-kamere (video ne\u0107e biti mogu\u0107e koristiti, tako da vam kamera treba samo kao izvor zvuka). <strong>NIKAKO nemojte koristiti Internet Explorer, Microsoft Edge ili Safari!<\/strong><\/p>\n<h3>Priklju\u010divanje sastanku<\/h3>\n<p>Kako biste pristupili sastanku Vije\u0107a FFZG kori\u0161tenjem aktivnosti BigBlueButton, prvo trebate posjetiti e-kolegij \u201e<strong>Vije\u0107e FFZG<\/strong>\u201c (<a href=\"https:\/\/zeta.ffzg.hr\/mod\/bigbluebuttonbn\/view.php?id=15855\">https:\/\/zeta.ffzg.hr\/mod\/bigbluebuttonbn\/view.php?id=15855<\/a>), a potom prona\u0107i i kliknuti na aktivnost naziva &#8220;<strong>Sjednica Vije\u0107a FFZG, 21.07.2025.<\/strong>&#8220;.<\/p>\n<p><img loading=\"lazy\" decoding=\"async\" class=\"aligncenter size-large wp-image-3116\" src=\"http:\/\/cpeu.ffzg.unizg.hr\/wp-content\/uploads\/2025\/07\/vijece-2107-1024x583.png\" alt=\"\" width=\"625\" height=\"356\" srcset=\"https:\/\/cpeu.ffzg.unizg.hr\/wp-content\/uploads\/2025\/07\/vijece-2107-1024x583.png 1024w, https:\/\/cpeu.ffzg.unizg.hr\/wp-content\/uploads\/2025\/07\/vijece-2107-300x171.png 300w, https:\/\/cpeu.ffzg.unizg.hr\/wp-content\/uploads\/2025\/07\/vijece-2107-768x437.png 768w, https:\/\/cpeu.ffzg.unizg.hr\/wp-content\/uploads\/2025\/07\/vijece-2107-1536x874.png 1536w, https:\/\/cpeu.ffzg.unizg.hr\/wp-content\/uploads\/2025\/07\/vijece-2107-624x355.png 624w, https:\/\/cpeu.ffzg.unizg.hr\/wp-content\/uploads\/2025\/07\/vijece-2107.png 1988w\" sizes=\"auto, (max-width: 625px) 100vw, 625px\" \/><\/p>\n<p>Kliknut \u0107ete na naslov te aktivnosti te potom na gumb \u201e<strong>Priklju\u010di se sesiji<\/strong>\u201c (dolje desno, slika 2). <strong>Sesija \u0107e biti dostupna za isprobavanje do 10:00\u00a0na dan odr\u017eavanja sjednice<\/strong>.<\/p>\n<p><img loading=\"lazy\" decoding=\"async\" class=\"aligncenter size-large wp-image-3118\" src=\"http:\/\/cpeu.ffzg.unizg.hr\/wp-content\/uploads\/2025\/07\/vijece-spajanje-na-sjednicu-1024x551.png\" alt=\"\" width=\"625\" height=\"336\" srcset=\"https:\/\/cpeu.ffzg.unizg.hr\/wp-content\/uploads\/2025\/07\/vijece-spajanje-na-sjednicu-1024x551.png 1024w, https:\/\/cpeu.ffzg.unizg.hr\/wp-content\/uploads\/2025\/07\/vijece-spajanje-na-sjednicu-300x161.png 300w, https:\/\/cpeu.ffzg.unizg.hr\/wp-content\/uploads\/2025\/07\/vijece-spajanje-na-sjednicu-768x413.png 768w, https:\/\/cpeu.ffzg.unizg.hr\/wp-content\/uploads\/2025\/07\/vijece-spajanje-na-sjednicu-1536x826.png 1536w, https:\/\/cpeu.ffzg.unizg.hr\/wp-content\/uploads\/2025\/07\/vijece-spajanje-na-sjednicu-624x336.png 624w, https:\/\/cpeu.ffzg.unizg.hr\/wp-content\/uploads\/2025\/07\/vijece-spajanje-na-sjednicu.png 1773w\" sizes=\"auto, (max-width: 625px) 100vw, 625px\" \/><\/p>\n<p>Trebate odabrati ikonu <strong>mikrofona<\/strong>, \u0161to ozna\u010dava da ste <strong>aktivni sudionik sastanka<\/strong> (slika 3). Jedina uklju\u010dena kamera \u0107e biti ona koju \u0107e koristit dekan, svi ostali sudionici \u0107e koristiti isklju\u010divo mikrofon i chat te opciju javljanja za rije\u010d (dizanje ruke). (Opaska: zanemarite lo\u0161 prijevod su\u010delja, CPEU nema veze s time.)<\/p>\n<p><img loading=\"lazy\" decoding=\"async\" class=\"aligncenter size-medium wp-image-3120\" src=\"http:\/\/cpeu.ffzg.unizg.hr\/wp-content\/uploads\/2025\/07\/vijece-zvuk-300x202.png\" alt=\"\" width=\"300\" height=\"202\" srcset=\"https:\/\/cpeu.ffzg.unizg.hr\/wp-content\/uploads\/2025\/07\/vijece-zvuk-300x202.png 300w, https:\/\/cpeu.ffzg.unizg.hr\/wp-content\/uploads\/2025\/07\/vijece-zvuk-768x518.png 768w, https:\/\/cpeu.ffzg.unizg.hr\/wp-content\/uploads\/2025\/07\/vijece-zvuk-624x421.png 624w, https:\/\/cpeu.ffzg.unizg.hr\/wp-content\/uploads\/2025\/07\/vijece-zvuk.png 967w\" sizes=\"auto, (max-width: 300px) 100vw, 300px\" \/><\/p>\n<p>Potom \u0107e vas va\u0161 Internet preglednik (Google Chrome ili Mozilla Firefox) pitati \u017eelite li dati ovlasti udaljenom sustavu za kori\u0161tenje va\u0161eg mikrofona. <strong>Odgovorit \u0107ete potvrdno na taj upit.<\/strong><\/p>\n<p>Pri testu jeke (en. echo test) trebate re\u0107i par rije\u010di i poslu\u0161ati \u010dujete li ih u svojim slu\u0161alicama\/zvu\u010dnicima (slika 4). Ako je sve u redu, kliknite na gumb &#8220;<strong>Priklju\u010di se sa zvukom<\/strong>&#8220;.<\/p>\n<p><img loading=\"lazy\" decoding=\"async\" class=\"aligncenter size-large wp-image-3122\" src=\"http:\/\/cpeu.ffzg.unizg.hr\/wp-content\/uploads\/2025\/07\/vijece-zvucne-postavke-1024x594.png\" alt=\"\" width=\"625\" height=\"363\" srcset=\"https:\/\/cpeu.ffzg.unizg.hr\/wp-content\/uploads\/2025\/07\/vijece-zvucne-postavke-1024x594.png 1024w, https:\/\/cpeu.ffzg.unizg.hr\/wp-content\/uploads\/2025\/07\/vijece-zvucne-postavke-300x174.png 300w, https:\/\/cpeu.ffzg.unizg.hr\/wp-content\/uploads\/2025\/07\/vijece-zvucne-postavke-768x445.png 768w, https:\/\/cpeu.ffzg.unizg.hr\/wp-content\/uploads\/2025\/07\/vijece-zvucne-postavke-1536x890.png 1536w, https:\/\/cpeu.ffzg.unizg.hr\/wp-content\/uploads\/2025\/07\/vijece-zvucne-postavke-624x362.png 624w, https:\/\/cpeu.ffzg.unizg.hr\/wp-content\/uploads\/2025\/07\/vijece-zvucne-postavke.png 1751w\" sizes=\"auto, (max-width: 625px) 100vw, 625px\" \/><\/p>\n<p>U ovom trenutku spojili ste se na online sastanak i moderator mo\u017ee s lijeve strane su\u010delja vidjeti va\u0161e ime i prezime.<\/p>\n<p>Po ulasku u sesiju, potrebno je <strong>ODMAH privremeno isklju\u010diti mikrofon<\/strong> klikom na <strong>ikonu mikrofona<\/strong> na dnu su\u010delja (slika 5). Po dobivanju prava na rije\u010d od moderatora, mikrofon je potrebno upaliti klikom na prvu ikonu s lijeva (s prekri\u017eenim mikrofonom). Kada je mikrofon uklju\u010den, ikona je uo\u010dljivo plave boje.<\/p>\n<p><img loading=\"lazy\" decoding=\"async\" class=\"aligncenter wp-image-3124 size-medium\" src=\"http:\/\/cpeu.ffzg.unizg.hr\/wp-content\/uploads\/2025\/07\/mikrofon-javljanje-za-rijec-300x63.png\" alt=\"\" width=\"300\" height=\"63\" srcset=\"https:\/\/cpeu.ffzg.unizg.hr\/wp-content\/uploads\/2025\/07\/mikrofon-javljanje-za-rijec-300x63.png 300w, https:\/\/cpeu.ffzg.unizg.hr\/wp-content\/uploads\/2025\/07\/mikrofon-javljanje-za-rijec-768x162.png 768w, https:\/\/cpeu.ffzg.unizg.hr\/wp-content\/uploads\/2025\/07\/mikrofon-javljanje-za-rijec-624x131.png 624w, https:\/\/cpeu.ffzg.unizg.hr\/wp-content\/uploads\/2025\/07\/mikrofon-javljanje-za-rijec.png 860w\" sizes=\"auto, (max-width: 300px) 100vw, 300px\" \/><\/p>\n<h3>Javljanje za rije\u010d<\/h3>\n<p><strong>VA\u017dNO:<\/strong> Sustav automatski sortira sudionike koji su se javili za rije\u010d <strong>redom kojim su se prijavili za rije\u010d<\/strong>! Za rije\u010d se javljate klikom na prvu ikonu zdesna na dnu su\u010delja (s nacrtanim dlanom).<\/p>\n<p><img loading=\"lazy\" decoding=\"async\" class=\"aligncenter wp-image-3124 size-medium\" src=\"http:\/\/cpeu.ffzg.unizg.hr\/wp-content\/uploads\/2025\/07\/mikrofon-javljanje-za-rijec-300x63.png\" alt=\"\" width=\"300\" height=\"63\" srcset=\"https:\/\/cpeu.ffzg.unizg.hr\/wp-content\/uploads\/2025\/07\/mikrofon-javljanje-za-rijec-300x63.png 300w, https:\/\/cpeu.ffzg.unizg.hr\/wp-content\/uploads\/2025\/07\/mikrofon-javljanje-za-rijec-768x162.png 768w, https:\/\/cpeu.ffzg.unizg.hr\/wp-content\/uploads\/2025\/07\/mikrofon-javljanje-za-rijec-624x131.png 624w, https:\/\/cpeu.ffzg.unizg.hr\/wp-content\/uploads\/2025\/07\/mikrofon-javljanje-za-rijec.png 860w\" sizes=\"auto, (max-width: 300px) 100vw, 300px\" \/><\/p>\n<p>Kada dobijete rije\u010d, trebate kliknuti na <strong>ikonu mikrofona<\/strong> na dnu su\u010delja i time ga privremeno uklju\u010diti.<\/p>\n<p>Nakon \u0161to se zaklju\u010di to\u010dka dnevnog reda, moderator \u0107e automatski i centralno obrisati status \u201e<strong>Raise<\/strong>\u201c (podignuta ruka) za \u010dlanove Vije\u0107a.<\/p>\n<h3>Glasanje po to\u010dkama<\/h3>\n<p>Postoji javno i tajno glasanje i oba se obavljaju putem online aktivnosti na e-kolegiju \u201e<strong>Vije\u0107e FFZG<\/strong>\u201c. Sve to\u010dke s dnevnog reda bit \u0107e dostupne u trenutku po\u010detka sjednice Vije\u0107a FFZG.<\/p>\n<h4>Javno glasanje<\/h4>\n<p>Kada bude bilo potrebno javno glasati o to\u010dkama za koje se glasa javno, moderator \u0107e kori\u0161tenjem mogu\u0107nosti <em><strong>Chat<\/strong> <\/em>unutar online sesije (stupac lijevo) postaviti poveznicu na pojedino glasanje (poveznica se automatski otvara u novom prozoru), na koju \u010dlanovi trebaju kliknuti i obaviti glasanje za sve ponu\u0111ene to\u010dke odjednom odabirom jedne od tri ponu\u0111ene mogu\u0107nosti: <strong>ZA<\/strong>, <strong>PROTIV<\/strong> ili <strong>SUZDR\u017dAN<\/strong> te klikom na gumb \u201e<strong>Pohrani moj odabir<\/strong>\u201c.<\/p>\n<h4>Tajno glasanje<\/h4>\n<p>Kada i ako bude bilo potrebno tajno glasati, moderator \u0107e kori\u0161tenjem mogu\u0107nosti <em><strong>Chat<\/strong> <\/em>unutar online sesije (stupac lijevo) postaviti poveznicu na pojedino glasanje (poveznica se automatski otvara u novom prozoru), na koju \u010dlanovi trebaju kliknuti na gumb \u201e<strong>Odgovorite na pitanja<\/strong>\u201c, i obaviti glasanje na sljede\u0107em prozoru odabirom jednog od dva ponu\u0111ena odabira: <strong>ZA<\/strong> ili <strong>PROTIV<\/strong> <strong>za svaku od ponu\u0111enih to\u010daka<\/strong> te klikom na gumb \u201e<strong>Predaj svoje odgovore<\/strong>\u201c na dnu stranice.<\/p>\n","protected":false},"excerpt":{"rendered":"<p>VA\u017dNA NAPOMENA: Za pristup trebate koristiti prijenosno ili stolno ra\u010dunalo, morate imati mikrofon i slu\u0161alice te morate koristiti neki od sigurnih Internet preglednika poput Mozilla Firefox ili Google Chrome. Mikrofon imate ili na prijenosnom ra\u010dunalu ili na stolnim ra\u010dunalima u sklopu web-kamere (video ne\u0107e biti mogu\u0107e koristiti, tako da vam kamera treba samo kao izvor [&hellip;]<\/p>\n","protected":false},"author":3,"featured_media":0,"parent":62,"menu_order":0,"comment_status":"closed","ping_status":"closed","template":"","meta":{"footnotes":""},"class_list":["post-1663","page","type-page","status-publish","hentry"],"jetpack_sharing_enabled":true,"_links":{"self":[{"href":"https:\/\/cpeu.ffzg.unizg.hr\/index.php?rest_route=\/wp\/v2\/pages\/1663","targetHints":{"allow":["GET"]}}],"collection":[{"href":"https:\/\/cpeu.ffzg.unizg.hr\/index.php?rest_route=\/wp\/v2\/pages"}],"about":[{"href":"https:\/\/cpeu.ffzg.unizg.hr\/index.php?rest_route=\/wp\/v2\/types\/page"}],"author":[{"embeddable":true,"href":"https:\/\/cpeu.ffzg.unizg.hr\/index.php?rest_route=\/wp\/v2\/users\/3"}],"replies":[{"embeddable":true,"href":"https:\/\/cpeu.ffzg.unizg.hr\/index.php?rest_route=%2Fwp%2Fv2%2Fcomments&post=1663"}],"version-history":[{"count":7,"href":"https:\/\/cpeu.ffzg.unizg.hr\/index.php?rest_route=\/wp\/v2\/pages\/1663\/revisions"}],"predecessor-version":[{"id":3127,"href":"https:\/\/cpeu.ffzg.unizg.hr\/index.php?rest_route=\/wp\/v2\/pages\/1663\/revisions\/3127"}],"up":[{"embeddable":true,"href":"https:\/\/cpeu.ffzg.unizg.hr\/index.php?rest_route=\/wp\/v2\/pages\/62"}],"wp:attachment":[{"href":"https:\/\/cpeu.ffzg.unizg.hr\/index.php?rest_route=%2Fwp%2Fv2%2Fmedia&parent=1663"}],"curies":[{"name":"wp","href":"https:\/\/api.w.org\/{rel}","templated":true}]}}