{"id":1689,"date":"2020-04-14T15:02:53","date_gmt":"2020-04-14T14:02:53","guid":{"rendered":"http:\/\/cpeu.ffzg.unizg.hr\/?page_id=1689"},"modified":"2020-04-14T16:18:02","modified_gmt":"2020-04-14T15:18:02","slug":"upute-za-probni-online-sastanak-vijeca-ffzg-utorak-14-04-2020-u-15-00h-2","status":"publish","type":"page","link":"https:\/\/cpeu.ffzg.unizg.hr\/?page_id=1689","title":{"rendered":"Upute za sudjelovanje na sastancima vije\u0107a odsjeka"},"content":{"rendered":"<p><strong>VA\u017dNA NAPOMENA:<\/strong> Za pristup trebate koristiti prijenosno ili stolno ra\u010dunalo, morate imati mikrofon i slu\u0161alice te morate koristiti neki od sigurnih Internet preglednika poput Mozilla Firefox ili Google Chrome. <strong>NIKAKO nemojte koristiti Internet Explorer, Microsoft Edge ili Safari!<\/strong><\/p>\n<h3>Priklju\u010divanje sastanku<\/h3>\n<p>Kako biste pristupili sastanku odsje\u010dkog vije\u0107a kori\u0161tenjem aktivnosti BigBlueButton, prvo trebate posjetiti e-kolegij \u201e<strong><span id=\":165.co\" class=\"tL8wMe EMoHub\" dir=\"ltr\">Sjednice vije\u0107a &#8211; Odsjek za NAZIV_VA\u0160EG_ODSJEKA<\/span><\/strong>\u201c, a potom prona\u0107i i kliknuti na aktivnost.<\/p>\n<div id=\"attachment_1664\" style=\"width: 611px\" class=\"wp-caption aligncenter\"><a href=\"http:\/\/cpeu.ffzg.unizg.hr\/wp-content\/uploads\/2020\/04\/01-naslovnica-vijece-FFZG.png\"><img loading=\"lazy\" decoding=\"async\" aria-describedby=\"caption-attachment-1664\" class=\"size-full wp-image-1664\" src=\"http:\/\/cpeu.ffzg.unizg.hr\/wp-content\/uploads\/2020\/04\/01-naslovnica-vijece-FFZG.png\" alt=\"\" width=\"601\" height=\"285\" srcset=\"https:\/\/cpeu.ffzg.unizg.hr\/wp-content\/uploads\/2020\/04\/01-naslovnica-vijece-FFZG.png 601w, https:\/\/cpeu.ffzg.unizg.hr\/wp-content\/uploads\/2020\/04\/01-naslovnica-vijece-FFZG-300x142.png 300w\" sizes=\"auto, (max-width: 601px) 100vw, 601px\" \/><\/a><p id=\"caption-attachment-1664\" class=\"wp-caption-text\">Slika 1. Naslovnica e-kolegija, odabir BigBlueButton aktivnosti<\/p><\/div>\n<p>Kliknut \u0107ete na naslov te aktivnosti te potom na gumb \u201e<strong>Priklju\u010di se sesiji<\/strong>\u201c (slika 2).<\/p>\n<div id=\"attachment_1666\" style=\"width: 611px\" class=\"wp-caption aligncenter\"><a href=\"http:\/\/cpeu.ffzg.unizg.hr\/wp-content\/uploads\/2020\/04\/02-prikljuci-se-sesiji.png\"><img loading=\"lazy\" decoding=\"async\" aria-describedby=\"caption-attachment-1666\" class=\"size-full wp-image-1666\" src=\"http:\/\/cpeu.ffzg.unizg.hr\/wp-content\/uploads\/2020\/04\/02-prikljuci-se-sesiji.png\" alt=\"\" width=\"601\" height=\"369\" srcset=\"https:\/\/cpeu.ffzg.unizg.hr\/wp-content\/uploads\/2020\/04\/02-prikljuci-se-sesiji.png 601w, https:\/\/cpeu.ffzg.unizg.hr\/wp-content\/uploads\/2020\/04\/02-prikljuci-se-sesiji-300x184.png 300w\" sizes=\"auto, (max-width: 601px) 100vw, 601px\" \/><\/a><p id=\"caption-attachment-1666\" class=\"wp-caption-text\">Slika 2. Gumb \u201ePriklju\u010di se sesiji\u201c<\/p><\/div>\n<p>Trebate odabrati ikonu <strong>mikrofona<\/strong>, \u0161to ozna\u010dava da ste <strong>aktivni sudionik sastanka<\/strong> (slika 3).<\/p>\n<div id=\"attachment_1668\" style=\"width: 597px\" class=\"wp-caption aligncenter\"><a href=\"http:\/\/cpeu.ffzg.unizg.hr\/wp-content\/uploads\/2020\/04\/03-odabir-mikrofona.png\"><img loading=\"lazy\" decoding=\"async\" aria-describedby=\"caption-attachment-1668\" class=\"size-full wp-image-1668\" src=\"http:\/\/cpeu.ffzg.unizg.hr\/wp-content\/uploads\/2020\/04\/03-odabir-mikrofona.png\" alt=\"\" width=\"587\" height=\"257\" srcset=\"https:\/\/cpeu.ffzg.unizg.hr\/wp-content\/uploads\/2020\/04\/03-odabir-mikrofona.png 587w, https:\/\/cpeu.ffzg.unizg.hr\/wp-content\/uploads\/2020\/04\/03-odabir-mikrofona-300x131.png 300w\" sizes=\"auto, (max-width: 587px) 100vw, 587px\" \/><\/a><p id=\"caption-attachment-1668\" class=\"wp-caption-text\">Slika 3. Odabir mikrofon \/ slu\u0161alice<\/p><\/div>\n<p>Potom \u0107e vas va\u0161 Internet preglednik (Google Chrome ili Mozilla Firefox) pitati \u017eelite li dati ovlasti udaljenom sustavu za kori\u0161tenje va\u0161eg mikrofona. <strong>Odgovorit \u0107ete potvrdno na taj upit.<\/strong><\/p>\n<p>Pri testu jeke (en. echo test) odaberite <strong>zeleni gumb\/ikonu<\/strong> (<strong>YES<\/strong>) (slika 4).<\/p>\n<div id=\"attachment_1671\" style=\"width: 556px\" class=\"wp-caption aligncenter\"><a href=\"http:\/\/cpeu.ffzg.unizg.hr\/wp-content\/uploads\/2020\/04\/04-test-jeke.png\"><img loading=\"lazy\" decoding=\"async\" aria-describedby=\"caption-attachment-1671\" class=\"size-full wp-image-1671\" src=\"http:\/\/cpeu.ffzg.unizg.hr\/wp-content\/uploads\/2020\/04\/04-test-jeke.png\" alt=\"\" width=\"546\" height=\"230\" srcset=\"https:\/\/cpeu.ffzg.unizg.hr\/wp-content\/uploads\/2020\/04\/04-test-jeke.png 546w, https:\/\/cpeu.ffzg.unizg.hr\/wp-content\/uploads\/2020\/04\/04-test-jeke-300x126.png 300w\" sizes=\"auto, (max-width: 546px) 100vw, 546px\" \/><\/a><p id=\"caption-attachment-1671\" class=\"wp-caption-text\">Slika 4. Test jeke (en. echo test)<\/p><\/div>\n<p>U ovom trenutku spojili ste se na online sastanak i moderator mo\u017ee s lijeve strane su\u010delja vidjeti va\u0161e ime i prezime.<\/p>\n<p>Po ulasku u sesiju, potrebno je <strong>ODMAH privremeno isklju\u010diti mikrofon<\/strong> klikom na <strong>ikonu mikrofona<\/strong> na dnu su\u010delja (slika 5). Po dobivanju prava na rije\u010d od moderatora, mikrofon je potrebno upaliti (slika 6.).<\/p>\n<div id=\"attachment_1673\" style=\"width: 303px\" class=\"wp-caption aligncenter\"><a href=\"http:\/\/cpeu.ffzg.unizg.hr\/wp-content\/uploads\/2020\/04\/05-mikrofon-ukljucen.png\"><img loading=\"lazy\" decoding=\"async\" aria-describedby=\"caption-attachment-1673\" class=\"size-full wp-image-1673\" src=\"http:\/\/cpeu.ffzg.unizg.hr\/wp-content\/uploads\/2020\/04\/05-mikrofon-ukljucen.png\" alt=\"\" width=\"293\" height=\"61\" \/><\/a><p id=\"caption-attachment-1673\" class=\"wp-caption-text\">Slika 5. Ikona uklju\u010denog mikrofona<\/p><\/div>\n<div id=\"attachment_1675\" style=\"width: 304px\" class=\"wp-caption aligncenter\"><a href=\"http:\/\/cpeu.ffzg.unizg.hr\/wp-content\/uploads\/2020\/04\/06-mikrofon-iskljucen.png\"><img loading=\"lazy\" decoding=\"async\" aria-describedby=\"caption-attachment-1675\" class=\"size-full wp-image-1675\" src=\"http:\/\/cpeu.ffzg.unizg.hr\/wp-content\/uploads\/2020\/04\/06-mikrofon-iskljucen.png\" alt=\"\" width=\"294\" height=\"58\" \/><\/a><p id=\"caption-attachment-1675\" class=\"wp-caption-text\">Slika 6. Ikona isklju\u010denog mikrofona<\/p><\/div>\n<h3>Javljanje za rije\u010d<\/h3>\n<p>VA\u017dNO: Sustav automatski sortira sudionike koji su se javili za rije\u010d <strong>redom kojim su se prijavili za rije\u010d<\/strong>!<\/p>\n<p>Ako \u017eelite postaviti pitanja u tijekom trajanja sastanka koji se odvija u\u017eivo, potrebno je javiti se za rije\u010d kori\u0161tenjem opcije \u201e<strong>Set status<\/strong>\u201c (slika 7) koju \u0107ete aktivirati klikom na vlastito ime na popisu korisnika vidljivu na su\u010delju lijevo (<strong>Users<\/strong>).<\/p>\n<div id=\"attachment_1677\" style=\"width: 525px\" class=\"wp-caption aligncenter\"><a href=\"http:\/\/cpeu.ffzg.unizg.hr\/wp-content\/uploads\/2020\/04\/07-set-status.png\"><img loading=\"lazy\" decoding=\"async\" aria-describedby=\"caption-attachment-1677\" class=\"size-full wp-image-1677\" src=\"http:\/\/cpeu.ffzg.unizg.hr\/wp-content\/uploads\/2020\/04\/07-set-status.png\" alt=\"\" width=\"515\" height=\"224\" srcset=\"https:\/\/cpeu.ffzg.unizg.hr\/wp-content\/uploads\/2020\/04\/07-set-status.png 515w, https:\/\/cpeu.ffzg.unizg.hr\/wp-content\/uploads\/2020\/04\/07-set-status-300x130.png 300w\" sizes=\"auto, (max-width: 515px) 100vw, 515px\" \/><\/a><p id=\"caption-attachment-1677\" class=\"wp-caption-text\">Slika 7. Popis korisnika \u2013 pode\u0161avanje statusa (en. Set status)<\/p><\/div>\n<p>U tom izborniku trebate promijeniti vlastiti status u \u201e<strong>Raise<\/strong>\u201c (podignuta ruka).<\/p>\n<div id=\"attachment_1679\" style=\"width: 529px\" class=\"wp-caption aligncenter\"><a href=\"http:\/\/cpeu.ffzg.unizg.hr\/wp-content\/uploads\/2020\/04\/08-status-dizanje-ruke.png\"><img loading=\"lazy\" decoding=\"async\" aria-describedby=\"caption-attachment-1679\" class=\"size-full wp-image-1679\" src=\"http:\/\/cpeu.ffzg.unizg.hr\/wp-content\/uploads\/2020\/04\/08-status-dizanje-ruke.png\" alt=\"\" width=\"519\" height=\"198\" srcset=\"https:\/\/cpeu.ffzg.unizg.hr\/wp-content\/uploads\/2020\/04\/08-status-dizanje-ruke.png 519w, https:\/\/cpeu.ffzg.unizg.hr\/wp-content\/uploads\/2020\/04\/08-status-dizanje-ruke-300x114.png 300w\" sizes=\"auto, (max-width: 519px) 100vw, 519px\" \/><\/a><p id=\"caption-attachment-1679\" class=\"wp-caption-text\">Slika 8. Popis korisnika \u2013 pode\u0161avanje statusa \u201e<strong>Raise<\/strong>\u201c (podignuta ruka)<\/p><\/div>\n<p>Kada ste uspje\u0161no postavili status \u201e<strong>Raise<\/strong>\u201c (podignuta ruka), va\u0161a korisni\u010dka ikona ima na sebi ikonu dlana (slika 9).<\/p>\n<div id=\"attachment_1681\" style=\"width: 525px\" class=\"wp-caption aligncenter\"><a href=\"http:\/\/cpeu.ffzg.unizg.hr\/wp-content\/uploads\/2020\/04\/09-prikaz-statusa.png\"><img loading=\"lazy\" decoding=\"async\" aria-describedby=\"caption-attachment-1681\" class=\"size-full wp-image-1681\" src=\"http:\/\/cpeu.ffzg.unizg.hr\/wp-content\/uploads\/2020\/04\/09-prikaz-statusa.png\" alt=\"\" width=\"515\" height=\"111\" srcset=\"https:\/\/cpeu.ffzg.unizg.hr\/wp-content\/uploads\/2020\/04\/09-prikaz-statusa.png 515w, https:\/\/cpeu.ffzg.unizg.hr\/wp-content\/uploads\/2020\/04\/09-prikaz-statusa-300x65.png 300w\" sizes=\"auto, (max-width: 515px) 100vw, 515px\" \/><\/a><p id=\"caption-attachment-1681\" class=\"wp-caption-text\"><br \/>Slika 9. Prikaz statusa \u201e<strong>Raise<\/strong>\u201c (podignuta ruka)<\/p><\/div>\n<p>Kada dobijete rije\u010d, trebate kliknuti na <strong>ikonu mikrofona<\/strong> na dnu su\u010delja i time ga privremeno uklju\u010diti (slika 5).<\/p>\n<p>Nakon \u0161to obra\u0107anje pojedinog \u010dlana vije\u0107a bude gotovo, \u010dlan vije\u0107a treba obrisati svoj status \u201e<strong>Raise<\/strong>\u201c (podignuta ruka) opcijom \u201e<strong>Clear status<\/strong>\u201c kako bi se maknuo s liste \u010dlanova vije\u0107a koji su se javili za rije\u010d (slika 10). Isto tako treba opet kliknuti na ikonu mikrofona i ugasiti ga (slika 6.)<\/p>\n<div id=\"attachment_1683\" style=\"width: 532px\" class=\"wp-caption aligncenter\"><a href=\"http:\/\/cpeu.ffzg.unizg.hr\/wp-content\/uploads\/2020\/04\/10-clear-status.png\"><img loading=\"lazy\" decoding=\"async\" aria-describedby=\"caption-attachment-1683\" class=\"size-full wp-image-1683\" src=\"http:\/\/cpeu.ffzg.unizg.hr\/wp-content\/uploads\/2020\/04\/10-clear-status.png\" alt=\"\" width=\"522\" height=\"120\" srcset=\"https:\/\/cpeu.ffzg.unizg.hr\/wp-content\/uploads\/2020\/04\/10-clear-status.png 522w, https:\/\/cpeu.ffzg.unizg.hr\/wp-content\/uploads\/2020\/04\/10-clear-status-300x69.png 300w\" sizes=\"auto, (max-width: 522px) 100vw, 522px\" \/><\/a><p id=\"caption-attachment-1683\" class=\"wp-caption-text\">Slika 10. Brisanje statusa, opcija \u201e<strong>Clear status<\/strong>\u201c<\/p><\/div>\n<p>Nakon \u0161to se zaklju\u010di to\u010dka dnevnog reda, moderator \u0107e automatski i centralno obrisati status \u201e<strong>Raise<\/strong>\u201c (podignuta ruka) za \u010dlanove Vije\u0107a.<\/p>\n","protected":false},"excerpt":{"rendered":"<p>VA\u017dNA NAPOMENA: Za pristup trebate koristiti prijenosno ili stolno ra\u010dunalo, morate imati mikrofon i slu\u0161alice te morate koristiti neki od sigurnih Internet preglednika poput Mozilla Firefox ili Google Chrome. NIKAKO nemojte koristiti Internet Explorer, Microsoft Edge ili Safari! Priklju\u010divanje sastanku Kako biste pristupili sastanku odsje\u010dkog vije\u0107a kori\u0161tenjem aktivnosti BigBlueButton, prvo trebate posjetiti e-kolegij \u201eSjednice vije\u0107a [&hellip;]<\/p>\n","protected":false},"author":3,"featured_media":0,"parent":62,"menu_order":0,"comment_status":"closed","ping_status":"closed","template":"","meta":{"footnotes":""},"class_list":["post-1689","page","type-page","status-publish","hentry"],"jetpack_sharing_enabled":true,"_links":{"self":[{"href":"https:\/\/cpeu.ffzg.unizg.hr\/index.php?rest_route=\/wp\/v2\/pages\/1689","targetHints":{"allow":["GET"]}}],"collection":[{"href":"https:\/\/cpeu.ffzg.unizg.hr\/index.php?rest_route=\/wp\/v2\/pages"}],"about":[{"href":"https:\/\/cpeu.ffzg.unizg.hr\/index.php?rest_route=\/wp\/v2\/types\/page"}],"author":[{"embeddable":true,"href":"https:\/\/cpeu.ffzg.unizg.hr\/index.php?rest_route=\/wp\/v2\/users\/3"}],"replies":[{"embeddable":true,"href":"https:\/\/cpeu.ffzg.unizg.hr\/index.php?rest_route=%2Fwp%2Fv2%2Fcomments&post=1689"}],"version-history":[{"count":4,"href":"https:\/\/cpeu.ffzg.unizg.hr\/index.php?rest_route=\/wp\/v2\/pages\/1689\/revisions"}],"predecessor-version":[{"id":1693,"href":"https:\/\/cpeu.ffzg.unizg.hr\/index.php?rest_route=\/wp\/v2\/pages\/1689\/revisions\/1693"}],"up":[{"embeddable":true,"href":"https:\/\/cpeu.ffzg.unizg.hr\/index.php?rest_route=\/wp\/v2\/pages\/62"}],"wp:attachment":[{"href":"https:\/\/cpeu.ffzg.unizg.hr\/index.php?rest_route=%2Fwp%2Fv2%2Fmedia&parent=1689"}],"curies":[{"name":"wp","href":"https:\/\/api.w.org\/{rel}","templated":true}]}}