{"id":1722,"date":"2020-04-24T18:32:04","date_gmt":"2020-04-24T17:32:04","guid":{"rendered":"http:\/\/cpeu.ffzg.unizg.hr\/?page_id=1722"},"modified":"2023-02-17T09:31:19","modified_gmt":"2023-02-17T08:31:19","slug":"upute-za-provedbu-online-nastupnih-predavanja-na-filozofskom-fakultetu-u-zagrebu","status":"publish","type":"page","link":"https:\/\/cpeu.ffzg.unizg.hr\/?page_id=1722","title":{"rendered":"Upute za provedbu online nastupnih predavanja na Filozofskom fakultetu u Zagrebu"},"content":{"rendered":"<h3><strong>PRIJAVA ODR\u017dAVANJA ONLINE NASTUPNOG PREDAVANJA (vezano uz sustav Omega)<\/strong><\/h3>\n<p>Online nastupna predavanja odr\u017eavaju se kori\u0161tenjem e-kolegija u kojem kandidat dr\u017ei nastavu u sustavu u\u010denja na daljinu Omega (<a href=\"https:\/\/omega.ffzg.hr\" target=\"_blank\" rel=\"noopener noreferrer\">https:\/\/omega.ffzg.hr<\/a>). Pri tome se koristi <a href=\"http:\/\/cpeu.ffzg.unizg.hr\/?page_id=1321\" target=\"_blank\" rel=\"noopener noreferrer\">aktivnost BigBlueButton<\/a> namijenjena odr\u017eavanju i snimanju online predavanja.<\/p>\n<p>Pro\u010delnica\/pro\u010delnik, tajnica Odsjeka, kandidat\/kandidatkinja ili netko iz povjerenstva mora <strong>barem 72 sata prije termina online nastupnog predavanja<\/strong> dostaviti sljede\u0107e informacije Centru za potporu e-u\u010denju FFZG na adresu e-po\u0161te <a href=\"mailto:cpeu@ffzg.hr\" target=\"_blank\" rel=\"noopener noreferrer\"><strong>cpeu@ffzg.hr<\/strong><\/a>:<\/p>\n<ol>\n<li>Adresu e-kolegija kandidata\/kandidatkinje (URL) na sustavu Omega<\/li>\n<li>Datum i vrijeme nastupnog predavanja<\/li>\n<li>Ime, prezime, adresu e-po\u0161te svih \u010dlanova povjerenstva<\/li>\n<li>Ime, prezime, adresu e-po\u0161te sveu\u010dili\u0161nih nastavnika koji \u0107e prisustvovati nastupnom predavanju kao publika \/ svjedoci<\/li>\n<\/ol>\n<p>Centar za potporu e-u\u010denju FFZG (CPEU) \u0107e potom navedenog kandidata, \u010dlanove povjerenstva i sveu\u010dili\u0161ne nastavnike upisati u navedeni e-kolegij i potom u BigBlueButton aktivnost u kojoj \u0107e se provoditi online nastupno predavanje.<\/p>\n<h3>KORISNI\u010cKI RA\u010cUNI<\/h3>\n<p>U slu\u010daju da netko od \u010dlanova povjerenstva ili sveu\u010dili\u0161nih nastavnika nema pristup sustavu Omega, CPEU \u0107e obavijestiti pro\u010delnicu \/ pro\u010delnika \/ tajnicu o tome kako dobiti pristup sustavu Omega (naj\u010de\u0161\u0107e javljanjem Slu\u017ebi za informatiku FFZG na adresu e-po\u0161te <a href=\"mailto:racuni@ffzg.hr\" target=\"_blank\" rel=\"noopener noreferrer\"><strong>racuni@ffzg.hr<\/strong><\/a>). Kako se radi o e-kolegiju u kojem se i ina\u010de odr\u017eava nastava, u njega su upisani studenti koji slu\u0161aju predmetni kolegij. Ostali sudionici \u0107e biti upisani od strane Centra za potporu e-u\u010denju sukladno popisu sudionika koji \u0107e dostaviti ili kandidat\/kandidatkinja ili netko iz povjerenstva. Ti sudionici (publika za potrebe nastupnog predavanja) bit \u0107e ispisani iz e-kolegija nakon dovr\u0161etka nastupnog predavanja (o \u010demu \u0107e CPEU dobiti povratnu informaciju od kandidata\/kandidatkinje ili nekog iz povjerenstva).<\/p>\n<h3><strong>PROBA KANDIDATA \/ KANDIDATKINJE<\/strong><\/h3>\n<p>Po pode\u0161avanju postavki BigBlueButton aktivnosti (bilo od CPEU ili od strane kandidata\/kandidatkinje), on\/ona \u0107e mo\u0107i samostalno isprobati funkcioniranje navedene (prikaz prezentacije, funkcioniranje mikrofona, kamere i sli\u010dno).<\/p>\n<h3><strong>PROVEDBA NASTUPNOG PREDAVANJA (okvirne upute)<\/strong><\/h3>\n<p>Kandidat\/kandidatkinja i \u010dlanovi povjerenstva se trebaju spojiti na sustav Omega, u\u0107i u e-kolegij na kojem \u0107e se odviti nastupno predavanje i potom u\u0107i u BigBlueButton aktivnost. Unutar aktivnosti trebaju kliknuti na &#8220;<strong>Priklju\u010di se sesiji<\/strong>&#8220;.<\/p>\n<div id=\"attachment_1700\" style=\"width: 341px\" class=\"wp-caption aligncenter\"><img loading=\"lazy\" decoding=\"async\" aria-describedby=\"caption-attachment-1700\" class=\"wp-image-1700 size-full\" src=\"http:\/\/cpeu.ffzg.unizg.hr\/wp-content\/uploads\/2020\/04\/02A-prikljuci-se-sesiji.jpg\" alt=\"\" width=\"331\" height=\"125\" srcset=\"https:\/\/cpeu.ffzg.unizg.hr\/wp-content\/uploads\/2020\/04\/02A-prikljuci-se-sesiji.jpg 331w, https:\/\/cpeu.ffzg.unizg.hr\/wp-content\/uploads\/2020\/04\/02A-prikljuci-se-sesiji-300x113.jpg 300w\" sizes=\"auto, (max-width: 331px) 100vw, 331px\" \/><p id=\"caption-attachment-1700\" class=\"wp-caption-text\">Slika. Priklju\u010di se sesiji<\/p><\/div>\n<p>Potom kandidat\/kandidatkinja i \u010dlanovi povjerenstva trebaju odabrati <strong>ikonu mikrofona<\/strong>, \u0161to ozna\u010dava da su aktivni sudionici obrane.<\/p>\n<div id=\"attachment_1668\" style=\"width: 597px\" class=\"wp-caption aligncenter\"><img loading=\"lazy\" decoding=\"async\" aria-describedby=\"caption-attachment-1668\" class=\"size-full wp-image-1668\" src=\"http:\/\/cpeu.ffzg.unizg.hr\/wp-content\/uploads\/2020\/04\/03-odabir-mikrofona.png\" alt=\"\" width=\"587\" height=\"257\" srcset=\"https:\/\/cpeu.ffzg.unizg.hr\/wp-content\/uploads\/2020\/04\/03-odabir-mikrofona.png 587w, https:\/\/cpeu.ffzg.unizg.hr\/wp-content\/uploads\/2020\/04\/03-odabir-mikrofona-300x131.png 300w\" sizes=\"auto, (max-width: 587px) 100vw, 587px\" \/><p id=\"caption-attachment-1668\" class=\"wp-caption-text\">Slika. Odabir mikrofon \/ slu\u0161alice<\/p><\/div>\n<p>Svi ostali sudionici (publika) trebaju odabrati <strong>ikonu slu\u0161alica<\/strong> (time dobivaju ulogu slu\u0161atelja).<\/p>\n<p>Slijedi upit Internet preglednika (Google Chrome ili Mozilla Firefox) o tome \u017eele li dati ovlasti udaljenom sustavu za kori\u0161tenje mikrofona. Treba odgovoriti potvrdno na na taj upit.<\/p>\n<p>Pri <strong>testu jeke<\/strong> (en. echo test) treba odabrati <strong>zeleni gumb\/ikonu (YES)<\/strong>.<\/p>\n<div id=\"attachment_1671\" style=\"width: 556px\" class=\"wp-caption aligncenter\"><img loading=\"lazy\" decoding=\"async\" aria-describedby=\"caption-attachment-1671\" class=\"size-full wp-image-1671\" src=\"http:\/\/cpeu.ffzg.unizg.hr\/wp-content\/uploads\/2020\/04\/04-test-jeke.png\" alt=\"\" width=\"546\" height=\"230\" srcset=\"https:\/\/cpeu.ffzg.unizg.hr\/wp-content\/uploads\/2020\/04\/04-test-jeke.png 546w, https:\/\/cpeu.ffzg.unizg.hr\/wp-content\/uploads\/2020\/04\/04-test-jeke-300x126.png 300w\" sizes=\"auto, (max-width: 546px) 100vw, 546px\" \/><p id=\"caption-attachment-1671\" class=\"wp-caption-text\">Slika Test jeke (en. echo test)<\/p><\/div>\n<p>U tom trenutku sudionici su spojeni na online nastupno predavanje i moderator mo\u017ee s lijeve strane su\u010delja vidjeti ime i prezime svih prijavljenih. U ovoj situaciji moderatori su i \u010dlanovi povjerenstva i kandidat\/kandidatkinja. Ostali sudionici su slu\u0161atelji.<\/p>\n<h3>POSTAVLJANJE PREZENTACIJE<\/h3>\n<p>Kandidat\/kandidatkinja tada treba postaviti prezentaciju klikom na ikonu &#8220;<strong>+<\/strong>&#8221; dolje lijevo na su\u010delju<\/p>\n<div id=\"attachment_1704\" style=\"width: 538px\" class=\"wp-caption aligncenter\"><img loading=\"lazy\" decoding=\"async\" aria-describedby=\"caption-attachment-1704\" class=\"wp-image-1704 size-full\" src=\"http:\/\/cpeu.ffzg.unizg.hr\/wp-content\/uploads\/2020\/04\/upload-prezentacije-01.jpg\" alt=\"\" width=\"528\" height=\"71\" srcset=\"https:\/\/cpeu.ffzg.unizg.hr\/wp-content\/uploads\/2020\/04\/upload-prezentacije-01.jpg 528w, https:\/\/cpeu.ffzg.unizg.hr\/wp-content\/uploads\/2020\/04\/upload-prezentacije-01-300x40.jpg 300w\" sizes=\"auto, (max-width: 528px) 100vw, 528px\" \/><p id=\"caption-attachment-1704\" class=\"wp-caption-text\">Slika: Postavljanje prezentacije<\/p><\/div>\n<p>i potom klikom na &#8220;<strong>Manage presentations<\/strong>&#8220;.<\/p>\n<p><img loading=\"lazy\" decoding=\"async\" class=\"wp-image-2719 size-full\" src=\"http:\/\/cpeu.ffzg.unizg.hr\/wp-content\/uploads\/2021\/12\/Snip-BigBlueButton-BigBlueButton-proba-Mozilla-Firefo.png\" alt=\"\" width=\"294\" height=\"219\" \/><\/p>\n<p>Nakon pronalaska prezentacije na ra\u010dunalu, potrebno je kliknuti na poveznicu unutar okvira &#8220;<em>Drag files here to upload<\/em> <strong>or browse for files<\/strong>&#8220;, prona\u0107i \u017eeljenu datoteku (prezentaciju) i odabrati je za postavljanje (en. <em>upload<\/em>). Potom je potrebno na vrhu stranice kliknuti na plavi gumb &#8220;<strong>Upload<\/strong>&#8220;.<\/p>\n<p><img loading=\"lazy\" decoding=\"async\" class=\"aligncenter size-full wp-image-1708\" src=\"http:\/\/cpeu.ffzg.unizg.hr\/wp-content\/uploads\/2020\/04\/upload-prezentacije-03.jpg\" alt=\"\" width=\"637\" height=\"474\" srcset=\"https:\/\/cpeu.ffzg.unizg.hr\/wp-content\/uploads\/2020\/04\/upload-prezentacije-03.jpg 637w, https:\/\/cpeu.ffzg.unizg.hr\/wp-content\/uploads\/2020\/04\/upload-prezentacije-03-300x223.jpg 300w, https:\/\/cpeu.ffzg.unizg.hr\/wp-content\/uploads\/2020\/04\/upload-prezentacije-03-624x464.jpg 624w\" sizes=\"auto, (max-width: 637px) 100vw, 637px\" \/><\/p>\n<h3>UKLJU\u010cIVANJE KAMERE KANDIDATA \/ \u010cLANOVA POVJERENSTVA<\/h3>\n<p>U slu\u010daju da povjerenstvo \u017eeli da kandidat\/kandidatkinja odgovara uz video-prikaz, kandidat\/kandidatkinja mora u traci na dnu su\u010delja omogu\u0107iti pristup svojoj kameri klikom na ikonu kamere.<\/p>\n<div id=\"attachment_1710\" style=\"width: 538px\" class=\"wp-caption aligncenter\"><img loading=\"lazy\" decoding=\"async\" aria-describedby=\"caption-attachment-1710\" class=\"wp-image-1710 size-full\" src=\"http:\/\/cpeu.ffzg.unizg.hr\/wp-content\/uploads\/2020\/04\/omoguci-kameru.jpg\" alt=\"\" width=\"528\" height=\"71\" srcset=\"https:\/\/cpeu.ffzg.unizg.hr\/wp-content\/uploads\/2020\/04\/omoguci-kameru.jpg 528w, https:\/\/cpeu.ffzg.unizg.hr\/wp-content\/uploads\/2020\/04\/omoguci-kameru-300x40.jpg 300w\" sizes=\"auto, (max-width: 528px) 100vw, 528px\" \/><p id=\"caption-attachment-1710\" class=\"wp-caption-text\">Slika. Omogu\u0107avanje kamere<\/p><\/div>\n<h3>Video upute za kori\u0161tenje aktivnosti BigBlueButton<\/h3>\n<p>Video upute kako se koristiti aktivno\u0161\u0107u BigBlueButton su ovdje (<strong>napomena:<\/strong> ako nastupno predavanje ne\u0107e biti snimano, presko\u010dite samo taj dio uputa (o pokretanju snimanja, a ostali dijelovi vrijede za ovu namjenu):<\/p>\n<p><iframe loading=\"lazy\" title=\"Omega - kori\u0161tenje BigBlueButton aktivnosti za snimanje predavanja\" width=\"625\" height=\"352\" src=\"https:\/\/www.youtube.com\/embed\/o4IMqsj5o44?feature=oembed\" frameborder=\"0\" allow=\"accelerometer; autoplay; clipboard-write; encrypted-media; gyroscope; picture-in-picture; web-share\" referrerpolicy=\"strict-origin-when-cross-origin\" allowfullscreen><\/iframe><\/p>\n<p>&nbsp;<\/p>\n","protected":false},"excerpt":{"rendered":"<p>PRIJAVA ODR\u017dAVANJA ONLINE NASTUPNOG PREDAVANJA (vezano uz sustav Omega) Online nastupna predavanja odr\u017eavaju se kori\u0161tenjem e-kolegija u kojem kandidat dr\u017ei nastavu u sustavu u\u010denja na daljinu Omega (https:\/\/omega.ffzg.hr). Pri tome se koristi aktivnost BigBlueButton namijenjena odr\u017eavanju i snimanju online predavanja. Pro\u010delnica\/pro\u010delnik, tajnica Odsjeka, kandidat\/kandidatkinja ili netko iz povjerenstva mora barem 72 sata prije termina online [&hellip;]<\/p>\n","protected":false},"author":3,"featured_media":0,"parent":62,"menu_order":0,"comment_status":"closed","ping_status":"closed","template":"","meta":{"footnotes":""},"class_list":["post-1722","page","type-page","status-publish","hentry"],"jetpack_sharing_enabled":true,"_links":{"self":[{"href":"https:\/\/cpeu.ffzg.unizg.hr\/index.php?rest_route=\/wp\/v2\/pages\/1722","targetHints":{"allow":["GET"]}}],"collection":[{"href":"https:\/\/cpeu.ffzg.unizg.hr\/index.php?rest_route=\/wp\/v2\/pages"}],"about":[{"href":"https:\/\/cpeu.ffzg.unizg.hr\/index.php?rest_route=\/wp\/v2\/types\/page"}],"author":[{"embeddable":true,"href":"https:\/\/cpeu.ffzg.unizg.hr\/index.php?rest_route=\/wp\/v2\/users\/3"}],"replies":[{"embeddable":true,"href":"https:\/\/cpeu.ffzg.unizg.hr\/index.php?rest_route=%2Fwp%2Fv2%2Fcomments&post=1722"}],"version-history":[{"count":6,"href":"https:\/\/cpeu.ffzg.unizg.hr\/index.php?rest_route=\/wp\/v2\/pages\/1722\/revisions"}],"predecessor-version":[{"id":3002,"href":"https:\/\/cpeu.ffzg.unizg.hr\/index.php?rest_route=\/wp\/v2\/pages\/1722\/revisions\/3002"}],"up":[{"embeddable":true,"href":"https:\/\/cpeu.ffzg.unizg.hr\/index.php?rest_route=\/wp\/v2\/pages\/62"}],"wp:attachment":[{"href":"https:\/\/cpeu.ffzg.unizg.hr\/index.php?rest_route=%2Fwp%2Fv2%2Fmedia&parent=1722"}],"curies":[{"name":"wp","href":"https:\/\/api.w.org\/{rel}","templated":true}]}}