{"id":1795,"date":"2020-05-04T16:18:35","date_gmt":"2020-05-04T15:18:35","guid":{"rendered":"http:\/\/cpeu.ffzg.unizg.hr\/?page_id=1795"},"modified":"2020-05-04T16:20:06","modified_gmt":"2020-05-04T15:20:06","slug":"zadavanje-statusa-u-aktivnosti-bigbluebutoon","status":"publish","type":"page","link":"https:\/\/cpeu.ffzg.unizg.hr\/?page_id=1795","title":{"rendered":"Zadavanje statusa u aktivnosti BigBlueButton"},"content":{"rendered":"<p>Svaki sudionik mo\u017ee zadati status u aktivnosti BigBlueButton.<\/p>\n<p>Pomo\u0107u postavke statusa uka\u017eite na to da ste udaljeni od ra\u010dunala, sretni, zbunjeni ili pomo\u0107u njega podignite ruku kako biste se javili za rije\u010d.<\/p>\n<p>Kako biste zadali status:<\/p>\n<div id=\"attachment_1796\" style=\"width: 564px\" class=\"wp-caption aligncenter\"><a href=\"http:\/\/cpeu.ffzg.unizg.hr\/wp-content\/uploads\/2020\/05\/Screen-Shot-2019-02-12-at-1.38.09-PM.png\"><img loading=\"lazy\" decoding=\"async\" aria-describedby=\"caption-attachment-1796\" class=\"wp-image-1796 size-full\" src=\"http:\/\/cpeu.ffzg.unizg.hr\/wp-content\/uploads\/2020\/05\/Screen-Shot-2019-02-12-at-1.38.09-PM.png\" alt=\"\" width=\"554\" height=\"361\" srcset=\"https:\/\/cpeu.ffzg.unizg.hr\/wp-content\/uploads\/2020\/05\/Screen-Shot-2019-02-12-at-1.38.09-PM.png 554w, https:\/\/cpeu.ffzg.unizg.hr\/wp-content\/uploads\/2020\/05\/Screen-Shot-2019-02-12-at-1.38.09-PM-300x195.png 300w\" sizes=\"auto, (max-width: 554px) 100vw, 554px\" \/><\/a><p id=\"caption-attachment-1796\" class=\"wp-caption-text\">Prikaz popisa sudionika<\/p><\/div>\n<p>Odaberite &#8220;<strong>Users List Toggle<\/strong>&#8221; (uklju\u010di\/isklju\u010di popis sudionika) [1] kako biste prikazali popis sudionika i javni chat, ako ve\u0107 nije vidljiv.<\/p>\n<div id=\"attachment_1798\" style=\"width: 415px\" class=\"wp-caption aligncenter\"><a href=\"http:\/\/cpeu.ffzg.unizg.hr\/wp-content\/uploads\/2020\/05\/Screen-Shot-2019-02-12-at-1.38.20-PM.png\"><img loading=\"lazy\" decoding=\"async\" aria-describedby=\"caption-attachment-1798\" class=\"wp-image-1798 size-full\" src=\"http:\/\/cpeu.ffzg.unizg.hr\/wp-content\/uploads\/2020\/05\/Screen-Shot-2019-02-12-at-1.38.20-PM.png\" alt=\"\" width=\"405\" height=\"180\" srcset=\"https:\/\/cpeu.ffzg.unizg.hr\/wp-content\/uploads\/2020\/05\/Screen-Shot-2019-02-12-at-1.38.20-PM.png 405w, https:\/\/cpeu.ffzg.unizg.hr\/wp-content\/uploads\/2020\/05\/Screen-Shot-2019-02-12-at-1.38.20-PM-300x133.png 300w\" sizes=\"auto, (max-width: 405px) 100vw, 405px\" \/><\/a><p id=\"caption-attachment-1798\" class=\"wp-caption-text\">Odabir sudionika<\/p><\/div>\n<p>Na popisu sudionika odaberite ikonu sudionika [2] (uvijek \u0107e biti na vrhu).<\/p>\n<div id=\"attachment_1800\" style=\"width: 1059px\" class=\"wp-caption aligncenter\"><a href=\"http:\/\/cpeu.ffzg.unizg.hr\/wp-content\/uploads\/2020\/05\/Screen-Shot-2019-02-12-at-2.12.33-PM.png\"><img loading=\"lazy\" decoding=\"async\" aria-describedby=\"caption-attachment-1800\" class=\"size-full wp-image-1800\" src=\"http:\/\/cpeu.ffzg.unizg.hr\/wp-content\/uploads\/2020\/05\/Screen-Shot-2019-02-12-at-2.12.33-PM.png\" alt=\"\" width=\"1049\" height=\"507\" srcset=\"https:\/\/cpeu.ffzg.unizg.hr\/wp-content\/uploads\/2020\/05\/Screen-Shot-2019-02-12-at-2.12.33-PM.png 1049w, https:\/\/cpeu.ffzg.unizg.hr\/wp-content\/uploads\/2020\/05\/Screen-Shot-2019-02-12-at-2.12.33-PM-300x145.png 300w, https:\/\/cpeu.ffzg.unizg.hr\/wp-content\/uploads\/2020\/05\/Screen-Shot-2019-02-12-at-2.12.33-PM-1024x495.png 1024w, https:\/\/cpeu.ffzg.unizg.hr\/wp-content\/uploads\/2020\/05\/Screen-Shot-2019-02-12-at-2.12.33-PM-768x371.png 768w, https:\/\/cpeu.ffzg.unizg.hr\/wp-content\/uploads\/2020\/05\/Screen-Shot-2019-02-12-at-2.12.33-PM-624x302.png 624w\" sizes=\"auto, (max-width: 1049px) 100vw, 1049px\" \/><\/a><p id=\"caption-attachment-1800\" class=\"wp-caption-text\">Odabir ikone<\/p><\/div>\n<p>Odaberite &#8220;<strong>Set status<\/strong>&#8221; (Postavi status) [3] &#8211; Pojavit \u0107e se izbornik s popisom dostupnih ikona statusa [5].<\/p>\n<p>Ako ne \u017eelite zadati status, odaberite &#8220;<strong>Back<\/strong>&#8221; (Natrag) [4] za povratak na popis sudionika.<\/p>\n<p><a href=\"http:\/\/cpeu.ffzg.unizg.hr\/wp-content\/uploads\/2020\/05\/Screen-Shot-2019-02-12-at-2.15.42-PM.png\"><img loading=\"lazy\" decoding=\"async\" class=\"aligncenter size-full wp-image-1802\" src=\"http:\/\/cpeu.ffzg.unizg.hr\/wp-content\/uploads\/2020\/05\/Screen-Shot-2019-02-12-at-2.15.42-PM.png\" alt=\"\" width=\"267\" height=\"150\" \/><\/a><\/p>\n<p>Kada odaberete emoji, on \u0107e se pojaviti na sredini va\u0161e korisni\u010dke ikone na popisu sudionika. Ostali sudionici vidjet \u0107e da se va\u0161a korisni\u010dka ikona poma\u0107i na vrh popisa.<\/p>\n<div id=\"attachment_1804\" style=\"width: 829px\" class=\"wp-caption aligncenter\"><a href=\"http:\/\/cpeu.ffzg.unizg.hr\/wp-content\/uploads\/2020\/05\/Screen-Shot-2019-02-12-at-2.18.45-PM.png\"><img loading=\"lazy\" decoding=\"async\" aria-describedby=\"caption-attachment-1804\" class=\"wp-image-1804 size-full\" src=\"http:\/\/cpeu.ffzg.unizg.hr\/wp-content\/uploads\/2020\/05\/Screen-Shot-2019-02-12-at-2.18.45-PM.png\" alt=\"\" width=\"819\" height=\"170\" srcset=\"https:\/\/cpeu.ffzg.unizg.hr\/wp-content\/uploads\/2020\/05\/Screen-Shot-2019-02-12-at-2.18.45-PM.png 819w, https:\/\/cpeu.ffzg.unizg.hr\/wp-content\/uploads\/2020\/05\/Screen-Shot-2019-02-12-at-2.18.45-PM-300x62.png 300w, https:\/\/cpeu.ffzg.unizg.hr\/wp-content\/uploads\/2020\/05\/Screen-Shot-2019-02-12-at-2.18.45-PM-768x159.png 768w, https:\/\/cpeu.ffzg.unizg.hr\/wp-content\/uploads\/2020\/05\/Screen-Shot-2019-02-12-at-2.18.45-PM-624x130.png 624w\" sizes=\"auto, (max-width: 819px) 100vw, 819px\" \/><\/a><p id=\"caption-attachment-1804\" class=\"wp-caption-text\">Brisanje statusa<\/p><\/div>\n<p>Kako biste uklonili svoj status, ponovno odaberite svoje ime na popisu sudionika, a zatim odaberite &#8220;<strong>Clear status<\/strong>&#8221; (izbri\u0161i status).<\/p>\n<p><strong>Napomena:<\/strong> moderator tako\u0111er mo\u017ee ukloniti va\u0161 status.<\/p>\n<p>Izvor: <a href=\"https:\/\/support.blindsidenetworks.com\/hc\/en-us\/articles\/360022971952-Set-a-status\" target=\"_blank\" rel=\"noopener noreferrer\" data-saferedirecturl=\"https:\/\/www.google.com\/url?q=https:\/\/support.blindsidenetworks.com\/hc\/en-us\/articles\/360022971952-Set-a-status&amp;source=gmail&amp;ust=1588685838251000&amp;usg=AFQjCNGCRRtNO57ZIBzpnmCSku8QxYOgLA\">https:\/\/support.<wbr \/>blindsidenetworks.com\/hc\/en-<wbr \/>us\/articles\/360022971952-Set-<wbr \/>a-status<\/a><\/p>\n","protected":false},"excerpt":{"rendered":"<p>Svaki sudionik mo\u017ee zadati status u aktivnosti BigBlueButton. Pomo\u0107u postavke statusa uka\u017eite na to da ste udaljeni od ra\u010dunala, sretni, zbunjeni ili pomo\u0107u njega podignite ruku kako biste se javili za rije\u010d. Kako biste zadali status: Odaberite &#8220;Users List Toggle&#8221; (uklju\u010di\/isklju\u010di popis sudionika) [1] kako biste prikazali popis sudionika i javni chat, ako ve\u0107 nije [&hellip;]<\/p>\n","protected":false},"author":3,"featured_media":0,"parent":1321,"menu_order":0,"comment_status":"closed","ping_status":"closed","template":"","meta":{"footnotes":""},"class_list":["post-1795","page","type-page","status-publish","hentry"],"jetpack_sharing_enabled":true,"_links":{"self":[{"href":"https:\/\/cpeu.ffzg.unizg.hr\/index.php?rest_route=\/wp\/v2\/pages\/1795","targetHints":{"allow":["GET"]}}],"collection":[{"href":"https:\/\/cpeu.ffzg.unizg.hr\/index.php?rest_route=\/wp\/v2\/pages"}],"about":[{"href":"https:\/\/cpeu.ffzg.unizg.hr\/index.php?rest_route=\/wp\/v2\/types\/page"}],"author":[{"embeddable":true,"href":"https:\/\/cpeu.ffzg.unizg.hr\/index.php?rest_route=\/wp\/v2\/users\/3"}],"replies":[{"embeddable":true,"href":"https:\/\/cpeu.ffzg.unizg.hr\/index.php?rest_route=%2Fwp%2Fv2%2Fcomments&post=1795"}],"version-history":[{"count":2,"href":"https:\/\/cpeu.ffzg.unizg.hr\/index.php?rest_route=\/wp\/v2\/pages\/1795\/revisions"}],"predecessor-version":[{"id":1807,"href":"https:\/\/cpeu.ffzg.unizg.hr\/index.php?rest_route=\/wp\/v2\/pages\/1795\/revisions\/1807"}],"up":[{"embeddable":true,"href":"https:\/\/cpeu.ffzg.unizg.hr\/index.php?rest_route=\/wp\/v2\/pages\/1321"}],"wp:attachment":[{"href":"https:\/\/cpeu.ffzg.unizg.hr\/index.php?rest_route=%2Fwp%2Fv2%2Fmedia&parent=1795"}],"curies":[{"name":"wp","href":"https:\/\/api.w.org\/{rel}","templated":true}]}}