{"id":2051,"date":"2020-05-10T12:13:04","date_gmt":"2020-05-10T11:13:04","guid":{"rendered":"http:\/\/cpeu.ffzg.unizg.hr\/?page_id=2051"},"modified":"2020-05-10T20:59:41","modified_gmt":"2020-05-10T19:59:41","slug":"upute-za-usmene-ispite-na-daljinu-koristenjem-aktivnosti-bigbluebutton-studenti","status":"publish","type":"page","link":"https:\/\/cpeu.ffzg.unizg.hr\/?page_id=2051","title":{"rendered":"Upute za usmene ispite na daljinu u sustavu Omega (studenti)"},"content":{"rendered":"<div class=\"entry-content\">\n<p>Za provedbu usmenih ispita na daljinu na Filozofskom fakultetu Sveu\u010dili\u0161ta u Zagrebu koristi se aktivnost BigBlueButton u sklopu sustava u\u010denja na daljinu Omega (<a href=\"https:\/\/omega.ffzg.hr\" target=\"_blank\" rel=\"noopener noreferrer\">https:\/\/omega.ffzg.hr<\/a>).<\/p>\n<p><strong>VA\u017dNA NAPOMENA:<\/strong> Za pristup aktivnosti BigBlueButton trebate koristiti prijenosno ili stolno ra\u010dunalo, morate imati mikrofon i slu\u0161alice te morate koristiti neki od sigurnih Internet preglednika poput Mozilla Firefox ili Google Chrome. <strong>NIKAKO nemojte koristiti Internet Explorer, Microsoft Edge ili Safari! Ako koristite pametni telefon ili tablet za pristup usmenom ispitu na daljinu, svakako prethodno provjerite radi li aktivnost BigBlueButton na istome.<br \/>\n<\/strong><\/p>\n<p>Za usmene ispite studentima mo\u017ee biti dovoljno kori\u0161tenje pametnog telefona, no za pismene ispite preporu\u010dujemo kori\u0161tenje prijenosnog ili stolnog ra\u010dunala (zbog veli\u010dine zaslona i pojedinih vrsta pitanja).<\/p>\n<p>Kako biste provjerili rade li vam kamera i mikrofon, mo\u017eete se spojiti na adresu: <a href=\"https:\/\/test.webrtc.org\/\" target=\"_blank\" rel=\"noopener noreferrer\">https:\/\/test.webrtc.org\/<\/a> (<strong>webrtc<\/strong> je tehnolo\u0161ko rje\u0161enje na kojem se zasniva kori\u0161tenje va\u0161ih kamera i mikrofona u aktivnosti BigBlueButton).<\/p>\n<h3>Priklju\u010divanje na ispit<\/h3>\n<p>Kako biste pristupili usmenom ispitu na daljinu kori\u0161tenjem aktivnosti BigBlueButton, prvo trebate posjetiti e-kolegij na sustavu Omega na kojem \u0107ete polagati taj ispit (pretpostavka je da ste na isti prethodno ve\u0107 upisani po\u010detkom semestra), a potom prona\u0107i i kliknuti na aktivnost BigBlueButton naziva &#8220;<strong>Usmeni ispit<\/strong>&#8221; ili &#8220;<strong>Ispit<\/strong>&#8220;.<\/p>\n<\/div>\n<div id=\"attachment_2080\" style=\"width: 222px\" class=\"wp-caption aligncenter\"><img loading=\"lazy\" decoding=\"async\" aria-describedby=\"caption-attachment-2080\" class=\"size-full wp-image-2080\" src=\"http:\/\/cpeu.ffzg.unizg.hr\/wp-content\/uploads\/2020\/05\/00-BBB-usmeni-ispit-01-2020-05-10_14-31-43.png\" alt=\"\" width=\"212\" height=\"100\" \/><p id=\"caption-attachment-2080\" class=\"wp-caption-text\">Odabir BigBlueButton aktivnosti<\/p><\/div>\n<p>Kliknut \u0107ete na naslov te aktivnosti te potom na gumb \u201e<strong>Priklju\u010di se sesiji<\/strong>\u201c.<\/p>\n<div id=\"attachment_2072\" style=\"width: 386px\" class=\"wp-caption aligncenter\"><img loading=\"lazy\" decoding=\"async\" aria-describedby=\"caption-attachment-2072\" class=\"size-full wp-image-2072\" src=\"http:\/\/cpeu.ffzg.unizg.hr\/wp-content\/uploads\/2020\/05\/00-BBB-usmeni-ispit-02-2020-05-10_14-31-43.png\" alt=\"\" width=\"376\" height=\"265\" srcset=\"https:\/\/cpeu.ffzg.unizg.hr\/wp-content\/uploads\/2020\/05\/00-BBB-usmeni-ispit-02-2020-05-10_14-31-43.png 376w, https:\/\/cpeu.ffzg.unizg.hr\/wp-content\/uploads\/2020\/05\/00-BBB-usmeni-ispit-02-2020-05-10_14-31-43-300x211.png 300w\" sizes=\"auto, (max-width: 376px) 100vw, 376px\" \/><p id=\"caption-attachment-2072\" class=\"wp-caption-text\">Priklju\u010divanje usmenom ispitu u aktivnosti BigBlueButton<\/p><\/div>\n<p>Trebate odabrati ikonu <strong>mikrofona<\/strong>, \u0161to ozna\u010dava da ste <strong>aktivni sudionik sastanka<\/strong>.<\/p>\n<div id=\"attachment_1668\" style=\"width: 597px\" class=\"wp-caption aligncenter\"><img loading=\"lazy\" decoding=\"async\" aria-describedby=\"caption-attachment-1668\" class=\"wp-image-1668 size-full\" src=\"http:\/\/cpeu.ffzg.unizg.hr\/wp-content\/uploads\/2020\/04\/03-odabir-mikrofona.png\" alt=\"\" width=\"587\" height=\"257\" srcset=\"https:\/\/cpeu.ffzg.unizg.hr\/wp-content\/uploads\/2020\/04\/03-odabir-mikrofona.png 587w, https:\/\/cpeu.ffzg.unizg.hr\/wp-content\/uploads\/2020\/04\/03-odabir-mikrofona-300x131.png 300w\" sizes=\"auto, (max-width: 587px) 100vw, 587px\" \/><p id=\"caption-attachment-1668\" class=\"wp-caption-text\">Odabir mikrofon \/ slu\u0161alice<\/p><\/div>\n<p>Potom \u0107e vas va\u0161 Internet preglednik (<a href=\"https:\/\/www.google.com\/chrome\/\" target=\"_blank\" rel=\"noopener noreferrer\">Google Chrome<\/a> ili <a href=\"https:\/\/www.mozilla.org\/en-US\/firefox\/new\/\" target=\"_blank\" rel=\"noopener noreferrer\">Mozilla Firefox<\/a>) pitati \u017eelite li dati ovlasti udaljenom sustavu za kori\u0161tenje va\u0161eg mikrofona. <strong>Odgovorit \u0107ete potvrdno na taj upit (&#8220;Allow&#8221;).<\/strong><\/p>\n<div id=\"attachment_2076\" style=\"width: 379px\" class=\"wp-caption aligncenter\"><img loading=\"lazy\" decoding=\"async\" aria-describedby=\"caption-attachment-2076\" class=\"size-full wp-image-2076\" src=\"http:\/\/cpeu.ffzg.unizg.hr\/wp-content\/uploads\/2020\/05\/00-BBB-dozvola-mikrofon-2020-05-10_13-39-20.png\" alt=\"\" width=\"369\" height=\"141\" srcset=\"https:\/\/cpeu.ffzg.unizg.hr\/wp-content\/uploads\/2020\/05\/00-BBB-dozvola-mikrofon-2020-05-10_13-39-20.png 369w, https:\/\/cpeu.ffzg.unizg.hr\/wp-content\/uploads\/2020\/05\/00-BBB-dozvola-mikrofon-2020-05-10_13-39-20-300x115.png 300w\" sizes=\"auto, (max-width: 369px) 100vw, 369px\" \/><p id=\"caption-attachment-2076\" class=\"wp-caption-text\">Davanje dozvole pregledniku za kori\u0161tenje mikrofona<\/p><\/div>\n<p>Pri testu jeke (en. <em>echo test<\/em>) odaberite <strong>zeleni gumb\/ikonu<\/strong> (<strong>YES<\/strong>).<\/p>\n<div id=\"attachment_1671\" style=\"width: 556px\" class=\"wp-caption aligncenter\"><img loading=\"lazy\" decoding=\"async\" aria-describedby=\"caption-attachment-1671\" class=\"wp-image-1671 size-full\" src=\"http:\/\/cpeu.ffzg.unizg.hr\/wp-content\/uploads\/2020\/04\/04-test-jeke.png\" alt=\"\" width=\"546\" height=\"230\" srcset=\"https:\/\/cpeu.ffzg.unizg.hr\/wp-content\/uploads\/2020\/04\/04-test-jeke.png 546w, https:\/\/cpeu.ffzg.unizg.hr\/wp-content\/uploads\/2020\/04\/04-test-jeke-300x126.png 300w\" sizes=\"auto, (max-width: 546px) 100vw, 546px\" \/><p id=\"caption-attachment-1671\" class=\"wp-caption-text\">Test jeke (en. echo test)<\/p><\/div>\n<p>U ovom trenutku ste spojeni na usmeni ispit na daljinu i ostali sudionici (nastavnik i drugi studenti) mogu s lijeve strane su\u010delja vidjeti va\u0161e ime i prezime, a va\u0161 mikrofon je uklju\u010den (ostali sudionici vas mogu \u010duti).<\/p>\n<p>Kako biste uklju\u010dili web-kameru, potrebno je kliknuti na ikonu prekri\u017eene kamere:<\/p>\n<div id=\"attachment_1710\" style=\"width: 538px\" class=\"wp-caption aligncenter\"><img loading=\"lazy\" decoding=\"async\" aria-describedby=\"caption-attachment-1710\" class=\"wp-image-1710 size-full\" src=\"http:\/\/cpeu.ffzg.unizg.hr\/wp-content\/uploads\/2020\/04\/omoguci-kameru.jpg\" alt=\"\" width=\"528\" height=\"71\" srcset=\"https:\/\/cpeu.ffzg.unizg.hr\/wp-content\/uploads\/2020\/04\/omoguci-kameru.jpg 528w, https:\/\/cpeu.ffzg.unizg.hr\/wp-content\/uploads\/2020\/04\/omoguci-kameru-300x40.jpg 300w\" sizes=\"auto, (max-width: 528px) 100vw, 528px\" \/><p id=\"caption-attachment-1710\" class=\"wp-caption-text\">Uklju\u010divanje kamere<\/p><\/div>\n<p>Potom \u0107e vas va\u0161 preglednik zatra\u017eiti dozvolu za kori\u0161enje web-kamere. <strong>Odgovorit \u0107ete potvrdno na taj upit (&#8220;Allow&#8221;).<\/strong><\/p>\n<div id=\"attachment_2074\" style=\"width: 376px\" class=\"wp-caption aligncenter\"><img loading=\"lazy\" decoding=\"async\" aria-describedby=\"caption-attachment-2074\" class=\"size-full wp-image-2074\" src=\"http:\/\/cpeu.ffzg.unizg.hr\/wp-content\/uploads\/2020\/05\/00-BBB-dozvola-kamera-2020-05-10_13-38-27.png\" alt=\"\" width=\"366\" height=\"143\" srcset=\"https:\/\/cpeu.ffzg.unizg.hr\/wp-content\/uploads\/2020\/05\/00-BBB-dozvola-kamera-2020-05-10_13-38-27.png 366w, https:\/\/cpeu.ffzg.unizg.hr\/wp-content\/uploads\/2020\/05\/00-BBB-dozvola-kamera-2020-05-10_13-38-27-300x117.png 300w\" sizes=\"auto, (max-width: 366px) 100vw, 366px\" \/><p id=\"caption-attachment-2074\" class=\"wp-caption-text\">Davanje dozvole pregledniku za kori\u0161tenje web-kamere<\/p><\/div>\n<p>Sustav \u0107e vas u zasebnom prozoru pitati koju kameru \u017eelite koristiti i s kojim postavkama kvalitete (svakako odaberite &#8220;<strong>Medium quality<\/strong>&#8220;). Pri tome \u0107e u lijevom dijelu tog prozora biti prikaz s va\u0161e web-kamere u\u017eivo. Za po\u010detak dijeljenja web-kamere, kliknite na gumb &#8220;<strong>Start sharing<\/strong>&#8220;.<\/p>\n<div id=\"attachment_2078\" style=\"width: 655px\" class=\"wp-caption aligncenter\"><img loading=\"lazy\" decoding=\"async\" aria-describedby=\"caption-attachment-2078\" class=\"size-full wp-image-2078\" src=\"http:\/\/cpeu.ffzg.unizg.hr\/wp-content\/uploads\/2020\/05\/00-BBB-kamera-postavke-2020-05-10_13-37-01.png\" alt=\"\" width=\"645\" height=\"359\" srcset=\"https:\/\/cpeu.ffzg.unizg.hr\/wp-content\/uploads\/2020\/05\/00-BBB-kamera-postavke-2020-05-10_13-37-01.png 645w, https:\/\/cpeu.ffzg.unizg.hr\/wp-content\/uploads\/2020\/05\/00-BBB-kamera-postavke-2020-05-10_13-37-01-300x167.png 300w, https:\/\/cpeu.ffzg.unizg.hr\/wp-content\/uploads\/2020\/05\/00-BBB-kamera-postavke-2020-05-10_13-37-01-624x347.png 624w\" sizes=\"auto, (max-width: 645px) 100vw, 645px\" \/><p id=\"caption-attachment-2078\" class=\"wp-caption-text\">Postavke web-kamere<\/p><\/div>\n<p>Ako ste u dijelu ispita u funkciji slu\u0161a\u010da i ne trebate odgovarati na pitanja ili u slu\u010daju da vas nastavnik to zamoli, <strong>privremeno isklju\u010dite mikrofon<\/strong> klikom na <strong>ikonu mikrofona (plave boje)<\/strong> na dnu su\u010delja.<\/p>\n<div id=\"attachment_1673\" style=\"width: 303px\" class=\"wp-caption aligncenter\"><img loading=\"lazy\" decoding=\"async\" aria-describedby=\"caption-attachment-1673\" class=\"wp-image-1673 size-full\" src=\"http:\/\/cpeu.ffzg.unizg.hr\/wp-content\/uploads\/2020\/04\/05-mikrofon-ukljucen.png\" alt=\"\" width=\"293\" height=\"61\" \/><p id=\"caption-attachment-1673\" class=\"wp-caption-text\">Ikona uklju\u010denog mikrofona<\/p><\/div>\n<p>Po dobivanju prava na rije\u010d od nastavnika, mikrofon je potrebno upaliti klikom na <strong>ikonu prekri\u017eenog mikrofona<\/strong>.<\/p>\n<div id=\"attachment_1675\" style=\"width: 304px\" class=\"wp-caption aligncenter\"><img loading=\"lazy\" decoding=\"async\" aria-describedby=\"caption-attachment-1675\" class=\"wp-image-1675 size-full\" src=\"http:\/\/cpeu.ffzg.unizg.hr\/wp-content\/uploads\/2020\/04\/06-mikrofon-iskljucen.png\" alt=\"\" width=\"294\" height=\"58\" \/><p id=\"caption-attachment-1675\" class=\"wp-caption-text\">Ikona isklju\u010denog mikrofona<\/p><\/div>\n<h3>Javljanje za rije\u010d<\/h3>\n<p><strong>VA\u017dNO:<\/strong> Sustav automatski sortira sudionike koji su se javili za rije\u010d <strong>redom kojim su se prijavili za rije\u010d<\/strong>!<\/p>\n<p>Ako se \u017eelite javiti za rije\u010d, trebate koristiti opciju \u201e<strong>Set status<\/strong>\u201c koju \u0107ete aktivirati klikom na vlastito ime na popisu korisnika vidljivu na su\u010delju lijevo (<strong>Users<\/strong>).<\/p>\n<div id=\"attachment_1677\" style=\"width: 525px\" class=\"wp-caption aligncenter\"><img loading=\"lazy\" decoding=\"async\" aria-describedby=\"caption-attachment-1677\" class=\"wp-image-1677 size-full\" src=\"http:\/\/cpeu.ffzg.unizg.hr\/wp-content\/uploads\/2020\/04\/07-set-status.png\" alt=\"\" width=\"515\" height=\"224\" srcset=\"https:\/\/cpeu.ffzg.unizg.hr\/wp-content\/uploads\/2020\/04\/07-set-status.png 515w, https:\/\/cpeu.ffzg.unizg.hr\/wp-content\/uploads\/2020\/04\/07-set-status-300x130.png 300w\" sizes=\"auto, (max-width: 515px) 100vw, 515px\" \/><p id=\"caption-attachment-1677\" class=\"wp-caption-text\">Popis korisnika \u2013 pode\u0161avanje statusa (en. Set status)<\/p><\/div>\n<p>U tom izborniku trebate promijeniti vlastiti status u \u201e<strong>Raise<\/strong>\u201c (podignuta ruka).<\/p>\n<div id=\"attachment_1679\" style=\"width: 529px\" class=\"wp-caption aligncenter\"><img loading=\"lazy\" decoding=\"async\" aria-describedby=\"caption-attachment-1679\" class=\"wp-image-1679 size-full\" src=\"http:\/\/cpeu.ffzg.unizg.hr\/wp-content\/uploads\/2020\/04\/08-status-dizanje-ruke.png\" alt=\"\" width=\"519\" height=\"198\" srcset=\"https:\/\/cpeu.ffzg.unizg.hr\/wp-content\/uploads\/2020\/04\/08-status-dizanje-ruke.png 519w, https:\/\/cpeu.ffzg.unizg.hr\/wp-content\/uploads\/2020\/04\/08-status-dizanje-ruke-300x114.png 300w\" sizes=\"auto, (max-width: 519px) 100vw, 519px\" \/><p id=\"caption-attachment-1679\" class=\"wp-caption-text\">Popis korisnika \u2013 pode\u0161avanje statusa \u201eRaise\u201c (podignuta ruka)<\/p><\/div>\n<p>Kada ste uspje\u0161no postavili status \u201e<strong>Raise<\/strong>\u201c (podignuta ruka), va\u0161a korisni\u010dka ikona ima na sebi ikonu dlana (slika 9).<\/p>\n<div id=\"attachment_1681\" style=\"width: 525px\" class=\"wp-caption aligncenter\"><img loading=\"lazy\" decoding=\"async\" aria-describedby=\"caption-attachment-1681\" class=\"wp-image-1681 size-full\" src=\"http:\/\/cpeu.ffzg.unizg.hr\/wp-content\/uploads\/2020\/04\/09-prikaz-statusa.png\" alt=\"\" width=\"515\" height=\"111\" srcset=\"https:\/\/cpeu.ffzg.unizg.hr\/wp-content\/uploads\/2020\/04\/09-prikaz-statusa.png 515w, https:\/\/cpeu.ffzg.unizg.hr\/wp-content\/uploads\/2020\/04\/09-prikaz-statusa-300x65.png 300w\" sizes=\"auto, (max-width: 515px) 100vw, 515px\" \/><p id=\"caption-attachment-1681\" class=\"wp-caption-text\">Prikaz statusa \u201eRaise\u201c (podignuta ruka)<\/p><\/div>\n<p>Kada dobijete rije\u010d, trebate kliknuti na <strong>ikonu mikrofona<\/strong> na dnu su\u010delja i time ga privremeno uklju\u010diti (slika 5).<\/p>\n<div id=\"attachment_1673\" style=\"width: 303px\" class=\"wp-caption aligncenter\"><img loading=\"lazy\" decoding=\"async\" aria-describedby=\"caption-attachment-1673\" class=\"wp-image-1673 size-full\" src=\"http:\/\/cpeu.ffzg.unizg.hr\/wp-content\/uploads\/2020\/04\/05-mikrofon-ukljucen.png\" alt=\"\" width=\"293\" height=\"61\" \/><p id=\"caption-attachment-1673\" class=\"wp-caption-text\">Ikona uklju\u010denog mikrofona<\/p><\/div>\n<p>Kada \u017eelite &#8220;spustiti ruku&#8221;, trebate obrisati svoj status \u201e<strong>Raise<\/strong>\u201c (podignuta ruka) opcijom \u201e<strong>Clear status<\/strong>\u201c. Isto tako treba opet kliknuti na ikonu mikrofona i ugasiti ga.<\/p>\n<div id=\"attachment_1683\" style=\"width: 532px\" class=\"wp-caption aligncenter\"><img loading=\"lazy\" decoding=\"async\" aria-describedby=\"caption-attachment-1683\" class=\"wp-image-1683 size-full\" src=\"http:\/\/cpeu.ffzg.unizg.hr\/wp-content\/uploads\/2020\/04\/10-clear-status.png\" alt=\"\" width=\"522\" height=\"120\" srcset=\"https:\/\/cpeu.ffzg.unizg.hr\/wp-content\/uploads\/2020\/04\/10-clear-status.png 522w, https:\/\/cpeu.ffzg.unizg.hr\/wp-content\/uploads\/2020\/04\/10-clear-status-300x69.png 300w\" sizes=\"auto, (max-width: 522px) 100vw, 522px\" \/><p id=\"caption-attachment-1683\" class=\"wp-caption-text\">Brisanje statusa, opcija \u201eClear status\u201c<\/p><\/div>\n<p>&nbsp;<\/p>\n","protected":false},"excerpt":{"rendered":"<p>Za provedbu usmenih ispita na daljinu na Filozofskom fakultetu Sveu\u010dili\u0161ta u Zagrebu koristi se aktivnost BigBlueButton u sklopu sustava u\u010denja na daljinu Omega (https:\/\/omega.ffzg.hr). VA\u017dNA NAPOMENA: Za pristup aktivnosti BigBlueButton trebate koristiti prijenosno ili stolno ra\u010dunalo, morate imati mikrofon i slu\u0161alice te morate koristiti neki od sigurnih Internet preglednika poput Mozilla Firefox ili Google Chrome. [&hellip;]<\/p>\n","protected":false},"author":1,"featured_media":0,"parent":62,"menu_order":0,"comment_status":"closed","ping_status":"closed","template":"","meta":{"footnotes":""},"class_list":["post-2051","page","type-page","status-publish","hentry"],"jetpack_sharing_enabled":true,"_links":{"self":[{"href":"https:\/\/cpeu.ffzg.unizg.hr\/index.php?rest_route=\/wp\/v2\/pages\/2051","targetHints":{"allow":["GET"]}}],"collection":[{"href":"https:\/\/cpeu.ffzg.unizg.hr\/index.php?rest_route=\/wp\/v2\/pages"}],"about":[{"href":"https:\/\/cpeu.ffzg.unizg.hr\/index.php?rest_route=\/wp\/v2\/types\/page"}],"author":[{"embeddable":true,"href":"https:\/\/cpeu.ffzg.unizg.hr\/index.php?rest_route=\/wp\/v2\/users\/1"}],"replies":[{"embeddable":true,"href":"https:\/\/cpeu.ffzg.unizg.hr\/index.php?rest_route=%2Fwp%2Fv2%2Fcomments&post=2051"}],"version-history":[{"count":10,"href":"https:\/\/cpeu.ffzg.unizg.hr\/index.php?rest_route=\/wp\/v2\/pages\/2051\/revisions"}],"predecessor-version":[{"id":2120,"href":"https:\/\/cpeu.ffzg.unizg.hr\/index.php?rest_route=\/wp\/v2\/pages\/2051\/revisions\/2120"}],"up":[{"embeddable":true,"href":"https:\/\/cpeu.ffzg.unizg.hr\/index.php?rest_route=\/wp\/v2\/pages\/62"}],"wp:attachment":[{"href":"https:\/\/cpeu.ffzg.unizg.hr\/index.php?rest_route=%2Fwp%2Fv2%2Fmedia&parent=2051"}],"curies":[{"name":"wp","href":"https:\/\/api.w.org\/{rel}","templated":true}]}}