{"id":2086,"date":"2020-05-10T17:48:30","date_gmt":"2020-05-10T16:48:30","guid":{"rendered":"http:\/\/cpeu.ffzg.unizg.hr\/?page_id=2086"},"modified":"2020-05-10T18:29:17","modified_gmt":"2020-05-10T17:29:17","slug":"upute-za-usmene-ispite-na-daljinu-koristenjem-aktivnosti-bigbluebutton-nastavnici","status":"publish","type":"page","link":"https:\/\/cpeu.ffzg.unizg.hr\/?page_id=2086","title":{"rendered":"Upute za usmene ispite na daljinu kori\u0161tenjem aktivnosti BigBlueButton (nastavnici)"},"content":{"rendered":"<p>Za provedbu usmenih ispita na daljinu na Filozofskom fakultetu Sveu\u010dili\u0161ta u Zagrebu koristi se aktivnost BigBlueButton u sklopu sustava u\u010denja na daljinu Omega (<a href=\"https:\/\/omega.ffzg.hr\" target=\"_blank\" rel=\"noopener noreferrer\">https:\/\/omega.ffzg.hr<\/a>).<\/p>\n<p><strong>VA\u017dNA NAPOMENA:<\/strong> Za pristup aktivnosti BigBlueButton trebate koristiti prijenosno ili stolno ra\u010dunalo, morate imati mikrofon i slu\u0161alice te morate koristiti neki od sigurnih Internet preglednika poput Mozilla Firefox ili Google Chrome. <strong>NIKAKO nemojte koristiti Internet Explorer, Microsoft Edge ili Safari! Ako koristite pametni telefon ili tablet za pristup usmenom ispitu na daljinu, svakako prethodno provjerite radi li aktivnost BigBlueButton na istome.<br \/>\n<\/strong><\/p>\n<p>Kako biste provjerili rade li vam kamera i mikrofon, mo\u017eete se spojiti na adresu: <a href=\"https:\/\/test.webrtc.org\/\" target=\"_blank\" rel=\"noopener noreferrer\">https:\/\/test.webrtc.org\/<\/a> (<strong>webrtc<\/strong> je tehnolo\u0161ko rje\u0161enje na kojem se zasniva kori\u0161tenje va\u0161ih kamera i mikrofona u aktivnosti BigBlueButton).<\/p>\n<h3>Izrada BigBlueButton aktivnosti za usmeni ispit na daljinu<\/h3>\n<p>Kako biste dodali aktivnost BigBlueButton za potrebe usmenog ispita na daljinu, na naslovnici va\u0161eg e-kolegija trebate gore desno kliknuti na gumb &#8220;<strong>Omogu\u0107i izmjene<\/strong>&#8220;.<\/p>\n<p>Potom u onoj sekciji ili temi u koju \u017eelite dodati tu aktivnost kliknite na &#8220;<strong>Dodajte aktivnost ili resurs<\/strong>&#8220;. U izborniku s lijeve strane odaberite aktivnost BigBlueButton i na dnu tog izbornika kliknite na &#8220;<strong>Dodajte<\/strong>&#8220;.<\/p>\n<p>U sekciji <strong>&#8220;Op\u0107enito&#8221;,<\/strong> u naziv virtualne u\u010dionice upi\u0161ite &#8220;<strong>Usmeni ispit<\/strong>&#8220;.<\/p>\n<p>U sekciji &#8220;Postavke sobe\/aktivnosti&#8221; potrebno je uklju\u010diti opciju &#8220;<strong>\u010cekanje moderatora<\/strong>&#8221; (\u0161to zna\u010di da studenti mogu u\u0107i u virtualnu u\u010dionicu tek nakon \u0161to u\u0111e nastavnik).<\/p>\n<p>Na dnu prozora potrebno je kliknuti &#8220;<strong>Pohrani i prika\u017ei<\/strong>&#8221; kako biste stvorili aktivnost BigBlueButton za potrebe provo\u0111enja usmenog ispita na daljinu.<\/p>\n<h3>Ulazak u BigBlueButton aktivnost za usmeni ispit na daljinu i provo\u0111enje ispita<\/h3>\n<div class=\"entry-content\">\n<p>Kako biste pristupili usmenom ispitu na daljinu kori\u0161tenjem aktivnosti BigBlueButton, prvo trebate posjetiti va\u0161 e-kolegij na sustavu Omega na kojem \u0107ete odr\u017eavati taj ispit, a potom prona\u0107i i kliknuti na aktivnost BigBlueButton naziva &#8220;<strong>Usmeni ispit<\/strong>&#8221; ili &#8220;<strong>Ispit<\/strong>&#8220;.<\/p>\n<\/div>\n<div id=\"attachment_2080\" style=\"width: 222px\" class=\"wp-caption aligncenter\"><img loading=\"lazy\" decoding=\"async\" aria-describedby=\"caption-attachment-2080\" class=\"size-full wp-image-2080\" src=\"http:\/\/cpeu.ffzg.unizg.hr\/wp-content\/uploads\/2020\/05\/00-BBB-usmeni-ispit-01-2020-05-10_14-31-43.png\" alt=\"\" width=\"212\" height=\"100\" \/><p id=\"caption-attachment-2080\" class=\"wp-caption-text\">Odabir BigBlueButton aktivnosti<\/p><\/div>\n<p>Kliknut \u0107ete na naslov te aktivnosti te potom na gumb \u201e<strong>Priklju\u010di se sesiji<\/strong>\u201c.<\/p>\n<div id=\"attachment_2072\" style=\"width: 386px\" class=\"wp-caption aligncenter\"><img loading=\"lazy\" decoding=\"async\" aria-describedby=\"caption-attachment-2072\" class=\"size-full wp-image-2072\" src=\"http:\/\/cpeu.ffzg.unizg.hr\/wp-content\/uploads\/2020\/05\/00-BBB-usmeni-ispit-02-2020-05-10_14-31-43.png\" alt=\"\" width=\"376\" height=\"265\" srcset=\"https:\/\/cpeu.ffzg.unizg.hr\/wp-content\/uploads\/2020\/05\/00-BBB-usmeni-ispit-02-2020-05-10_14-31-43.png 376w, https:\/\/cpeu.ffzg.unizg.hr\/wp-content\/uploads\/2020\/05\/00-BBB-usmeni-ispit-02-2020-05-10_14-31-43-300x211.png 300w\" sizes=\"auto, (max-width: 376px) 100vw, 376px\" \/><p id=\"caption-attachment-2072\" class=\"wp-caption-text\">Priklju\u010divanje usmenom ispitu u aktivnosti BigBlueButton<\/p><\/div>\n<p>Trebate odabrati ikonu <strong>mikrofona<\/strong>, \u0161to ozna\u010dava da ste <strong>aktivni sudionik sastanka<\/strong>.<\/p>\n<div id=\"attachment_1668\" style=\"width: 597px\" class=\"wp-caption aligncenter\"><img loading=\"lazy\" decoding=\"async\" aria-describedby=\"caption-attachment-1668\" class=\"wp-image-1668 size-full\" src=\"http:\/\/cpeu.ffzg.unizg.hr\/wp-content\/uploads\/2020\/04\/03-odabir-mikrofona.png\" alt=\"\" width=\"587\" height=\"257\" srcset=\"https:\/\/cpeu.ffzg.unizg.hr\/wp-content\/uploads\/2020\/04\/03-odabir-mikrofona.png 587w, https:\/\/cpeu.ffzg.unizg.hr\/wp-content\/uploads\/2020\/04\/03-odabir-mikrofona-300x131.png 300w\" sizes=\"auto, (max-width: 587px) 100vw, 587px\" \/><p id=\"caption-attachment-1668\" class=\"wp-caption-text\">Odabir mikrofon \/ slu\u0161alice<\/p><\/div>\n<p>Potom \u0107e vas va\u0161 Internet preglednik (<a href=\"https:\/\/www.google.com\/chrome\/\" target=\"_blank\" rel=\"noopener noreferrer\">Google Chrome<\/a> ili <a href=\"https:\/\/www.mozilla.org\/en-US\/firefox\/new\/\" target=\"_blank\" rel=\"noopener noreferrer\">Mozilla Firefox<\/a>) pitati \u017eelite li dati ovlasti udaljenom sustavu za kori\u0161tenje va\u0161eg mikrofona. <strong>Odgovorit \u0107ete potvrdno na taj upit (&#8220;Allow&#8221;).<\/strong><\/p>\n<div id=\"attachment_2076\" style=\"width: 379px\" class=\"wp-caption aligncenter\"><img loading=\"lazy\" decoding=\"async\" aria-describedby=\"caption-attachment-2076\" class=\"size-full wp-image-2076\" src=\"http:\/\/cpeu.ffzg.unizg.hr\/wp-content\/uploads\/2020\/05\/00-BBB-dozvola-mikrofon-2020-05-10_13-39-20.png\" alt=\"\" width=\"369\" height=\"141\" srcset=\"https:\/\/cpeu.ffzg.unizg.hr\/wp-content\/uploads\/2020\/05\/00-BBB-dozvola-mikrofon-2020-05-10_13-39-20.png 369w, https:\/\/cpeu.ffzg.unizg.hr\/wp-content\/uploads\/2020\/05\/00-BBB-dozvola-mikrofon-2020-05-10_13-39-20-300x115.png 300w\" sizes=\"auto, (max-width: 369px) 100vw, 369px\" \/><p id=\"caption-attachment-2076\" class=\"wp-caption-text\">Davanje dozvole pregledniku za kori\u0161tenje mikrofona<\/p><\/div>\n<p>Pri testu jeke (en. <em>echo test<\/em>) odaberite <strong>zeleni gumb\/ikonu<\/strong> (<strong>YES<\/strong>).<\/p>\n<div id=\"attachment_1671\" style=\"width: 556px\" class=\"wp-caption aligncenter\"><img loading=\"lazy\" decoding=\"async\" aria-describedby=\"caption-attachment-1671\" class=\"wp-image-1671 size-full\" src=\"http:\/\/cpeu.ffzg.unizg.hr\/wp-content\/uploads\/2020\/04\/04-test-jeke.png\" alt=\"\" width=\"546\" height=\"230\" srcset=\"https:\/\/cpeu.ffzg.unizg.hr\/wp-content\/uploads\/2020\/04\/04-test-jeke.png 546w, https:\/\/cpeu.ffzg.unizg.hr\/wp-content\/uploads\/2020\/04\/04-test-jeke-300x126.png 300w\" sizes=\"auto, (max-width: 546px) 100vw, 546px\" \/><p id=\"caption-attachment-1671\" class=\"wp-caption-text\">Test jeke (en. echo test)<\/p><\/div>\n<p>U ovom trenutku ste spojeni na usmeni ispit na daljinu i ostali studenti mogu s lijeve strane su\u010delja vidjeti va\u0161e ime i prezime, a va\u0161 mikrofon je uklju\u010den (ostali sudionici vas mogu \u010duti).<\/p>\n<p>Kako biste uklju\u010dili web-kameru, potrebno je kliknuti na ikonu prekri\u017eene kamere:<\/p>\n<div id=\"attachment_1710\" style=\"width: 538px\" class=\"wp-caption aligncenter\"><img loading=\"lazy\" decoding=\"async\" aria-describedby=\"caption-attachment-1710\" class=\"wp-image-1710 size-full\" src=\"http:\/\/cpeu.ffzg.unizg.hr\/wp-content\/uploads\/2020\/04\/omoguci-kameru.jpg\" alt=\"\" width=\"528\" height=\"71\" srcset=\"https:\/\/cpeu.ffzg.unizg.hr\/wp-content\/uploads\/2020\/04\/omoguci-kameru.jpg 528w, https:\/\/cpeu.ffzg.unizg.hr\/wp-content\/uploads\/2020\/04\/omoguci-kameru-300x40.jpg 300w\" sizes=\"auto, (max-width: 528px) 100vw, 528px\" \/><p id=\"caption-attachment-1710\" class=\"wp-caption-text\">Uklju\u010divanje kamere<\/p><\/div>\n<p>Potom \u0107e vas va\u0161 preglednik zatra\u017eiti dozvolu za kori\u0161enje web-kamere. <strong>Odgovorit \u0107ete potvrdno na taj upit (&#8220;Allow&#8221;).<\/strong><\/p>\n<div id=\"attachment_2074\" style=\"width: 376px\" class=\"wp-caption aligncenter\"><img loading=\"lazy\" decoding=\"async\" aria-describedby=\"caption-attachment-2074\" class=\"size-full wp-image-2074\" src=\"http:\/\/cpeu.ffzg.unizg.hr\/wp-content\/uploads\/2020\/05\/00-BBB-dozvola-kamera-2020-05-10_13-38-27.png\" alt=\"\" width=\"366\" height=\"143\" srcset=\"https:\/\/cpeu.ffzg.unizg.hr\/wp-content\/uploads\/2020\/05\/00-BBB-dozvola-kamera-2020-05-10_13-38-27.png 366w, https:\/\/cpeu.ffzg.unizg.hr\/wp-content\/uploads\/2020\/05\/00-BBB-dozvola-kamera-2020-05-10_13-38-27-300x117.png 300w\" sizes=\"auto, (max-width: 366px) 100vw, 366px\" \/><p id=\"caption-attachment-2074\" class=\"wp-caption-text\">Davanje dozvole pregledniku za kori\u0161tenje web-kamere<\/p><\/div>\n<p>Sustav \u0107e vas u zasebnom prozoru pitati koju kameru \u017eelite koristiti i s kojim postavkama kvalitete (svakako odaberite &#8220;<strong>Medium quality<\/strong>&#8220;). Pri tome \u0107e u lijevom dijelu tog prozora biti prikaz s va\u0161e web-kamere u\u017eivo. Za po\u010detak dijeljenja web-kamere, kliknite na gumb &#8220;<strong>Start sharing<\/strong>&#8220;.<\/p>\n<div id=\"attachment_2078\" style=\"width: 655px\" class=\"wp-caption aligncenter\"><img loading=\"lazy\" decoding=\"async\" aria-describedby=\"caption-attachment-2078\" class=\"size-full wp-image-2078\" src=\"http:\/\/cpeu.ffzg.unizg.hr\/wp-content\/uploads\/2020\/05\/00-BBB-kamera-postavke-2020-05-10_13-37-01.png\" alt=\"\" width=\"645\" height=\"359\" srcset=\"https:\/\/cpeu.ffzg.unizg.hr\/wp-content\/uploads\/2020\/05\/00-BBB-kamera-postavke-2020-05-10_13-37-01.png 645w, https:\/\/cpeu.ffzg.unizg.hr\/wp-content\/uploads\/2020\/05\/00-BBB-kamera-postavke-2020-05-10_13-37-01-300x167.png 300w, https:\/\/cpeu.ffzg.unizg.hr\/wp-content\/uploads\/2020\/05\/00-BBB-kamera-postavke-2020-05-10_13-37-01-624x347.png 624w\" sizes=\"auto, (max-width: 645px) 100vw, 645px\" \/><p id=\"caption-attachment-2078\" class=\"wp-caption-text\">Postavke web-kamere<\/p><\/div>\n<p>Ako \u017eelite iz nekog razloga sti\u0161ati ili <strong>privremeno isklju\u010diti mikrofon,<\/strong> kliknite na <strong>ikonu mikrofona (plave boje)<\/strong> na dnu su\u010delja.<\/p>\n<div id=\"attachment_1673\" style=\"width: 303px\" class=\"wp-caption aligncenter\"><img loading=\"lazy\" decoding=\"async\" aria-describedby=\"caption-attachment-1673\" class=\"wp-image-1673 size-full\" src=\"http:\/\/cpeu.ffzg.unizg.hr\/wp-content\/uploads\/2020\/04\/05-mikrofon-ukljucen.png\" alt=\"\" width=\"293\" height=\"61\" \/><p id=\"caption-attachment-1673\" class=\"wp-caption-text\">Ikona uklju\u010denog mikrofona<\/p><\/div>\n<p>Ako opet \u017eelite upaliti mikrofon, to je potrebno napraviti klikom na <strong>ikonu prekri\u017eenog mikrofona<\/strong>.<\/p>\n<div id=\"attachment_1675\" style=\"width: 304px\" class=\"wp-caption aligncenter\"><img loading=\"lazy\" decoding=\"async\" aria-describedby=\"caption-attachment-1675\" class=\"wp-image-1675 size-full\" src=\"http:\/\/cpeu.ffzg.unizg.hr\/wp-content\/uploads\/2020\/04\/06-mikrofon-iskljucen.png\" alt=\"\" width=\"294\" height=\"58\" \/><p id=\"caption-attachment-1675\" class=\"wp-caption-text\">Ikona isklju\u010denog mikrofona<\/p><\/div>\n<h2>Zavr\u0161etak rada i zatvaranje sesije BigBlueButton<\/h2>\n<p>Moderatori (nastavnici) u aktivnosti BigBlueButton imaju mogu\u0107nost zavr\u0161iti trenutnu sesiju \/ predavanje i odjaviti sve polaznike iz istoga.<\/p>\n<div id=\"attachment_1753\" style=\"width: 1378px\" class=\"wp-caption aligncenter\"><a href=\"http:\/\/cpeu.ffzg.unizg.hr\/wp-content\/uploads\/2020\/04\/endmeetingonlogout-1.gif\"><img loading=\"lazy\" decoding=\"async\" aria-describedby=\"caption-attachment-1753\" class=\"wp-image-1753 size-full\" src=\"http:\/\/cpeu.ffzg.unizg.hr\/wp-content\/uploads\/2020\/04\/endmeetingonlogout-1.gif\" alt=\"\" width=\"1368\" height=\"658\" \/><\/a><p id=\"caption-attachment-1753\" class=\"wp-caption-text\">Zavr\u0161avanje BigBlueButton sesije<\/p><\/div>\n<p>Kako biste zavr\u0161ili sesiju \/ predavanje i odjavili sve sudionike iz istoga:<\/p>\n<p>Otvorite izbornik s opcijama (gornji desni kut su\u010delja, ikona tri uspravne to\u010dke) i odaberite &#8220;<strong>End meeting<\/strong>&#8220;. Bit \u0107e prikazano pitanje &#8220;<strong>Are you sure you want to end this meeting?<\/strong>&#8220;, na koje trebate odgovoriti &#8220;<strong>Yes<\/strong>&#8221; (da).<\/p>\n<p>Pojavit \u0107e se prozor s porukom koja \u0107e obavijestiti sudionike da je sesija zavr\u0161ena. Odaberite gumb &#8220;<strong>OK<\/strong>&#8221; za povratak na po\u010detnu stranicu svoje BigBlueButton aktivnosti na sustavu Omega.<\/p>\n","protected":false},"excerpt":{"rendered":"<p>Za provedbu usmenih ispita na daljinu na Filozofskom fakultetu Sveu\u010dili\u0161ta u Zagrebu koristi se aktivnost BigBlueButton u sklopu sustava u\u010denja na daljinu Omega (https:\/\/omega.ffzg.hr). VA\u017dNA NAPOMENA: Za pristup aktivnosti BigBlueButton trebate koristiti prijenosno ili stolno ra\u010dunalo, morate imati mikrofon i slu\u0161alice te morate koristiti neki od sigurnih Internet preglednika poput Mozilla Firefox ili Google Chrome. [&hellip;]<\/p>\n","protected":false},"author":1,"featured_media":0,"parent":62,"menu_order":0,"comment_status":"closed","ping_status":"closed","template":"","meta":{"footnotes":""},"class_list":["post-2086","page","type-page","status-publish","hentry"],"jetpack_sharing_enabled":true,"_links":{"self":[{"href":"https:\/\/cpeu.ffzg.unizg.hr\/index.php?rest_route=\/wp\/v2\/pages\/2086","targetHints":{"allow":["GET"]}}],"collection":[{"href":"https:\/\/cpeu.ffzg.unizg.hr\/index.php?rest_route=\/wp\/v2\/pages"}],"about":[{"href":"https:\/\/cpeu.ffzg.unizg.hr\/index.php?rest_route=\/wp\/v2\/types\/page"}],"author":[{"embeddable":true,"href":"https:\/\/cpeu.ffzg.unizg.hr\/index.php?rest_route=\/wp\/v2\/users\/1"}],"replies":[{"embeddable":true,"href":"https:\/\/cpeu.ffzg.unizg.hr\/index.php?rest_route=%2Fwp%2Fv2%2Fcomments&post=2086"}],"version-history":[{"count":4,"href":"https:\/\/cpeu.ffzg.unizg.hr\/index.php?rest_route=\/wp\/v2\/pages\/2086\/revisions"}],"predecessor-version":[{"id":2094,"href":"https:\/\/cpeu.ffzg.unizg.hr\/index.php?rest_route=\/wp\/v2\/pages\/2086\/revisions\/2094"}],"up":[{"embeddable":true,"href":"https:\/\/cpeu.ffzg.unizg.hr\/index.php?rest_route=\/wp\/v2\/pages\/62"}],"wp:attachment":[{"href":"https:\/\/cpeu.ffzg.unizg.hr\/index.php?rest_route=%2Fwp%2Fv2%2Fmedia&parent=2086"}],"curies":[{"name":"wp","href":"https:\/\/api.w.org\/{rel}","templated":true}]}}