{"id":2190,"date":"2020-05-21T10:24:19","date_gmt":"2020-05-21T09:24:19","guid":{"rendered":"http:\/\/cpeu.ffzg.unizg.hr\/?page_id=2190"},"modified":"2023-02-17T09:31:06","modified_gmt":"2023-02-17T08:31:06","slug":"upute-za-seminarska-izlaganja-koristenjem-aktivnosti-bigbluebutton-studenti","status":"publish","type":"page","link":"https:\/\/cpeu.ffzg.unizg.hr\/?page_id=2190","title":{"rendered":"Upute za seminarska izlaganja kori\u0161tenjem aktivnosti BigBlueButton (studenti i nastavnici)"},"content":{"rendered":"<p><strong>VA\u017dNA NAPOMENA:<\/strong> Za pristup trebate koristiti prijenosno ili stolno ra\u010dunalo, morate imati mikrofon i slu\u0161alice te morate koristiti neki od sigurnih Internet preglednika poput Mozilla Firefox ili Google Chrome. <strong>NIKAKO nemojte koristiti Internet Explorer, Microsoft Edge ili Safari!<\/strong><\/p>\n<p>Ako koristite pametni telefon ili tablet, koristite na njemu preglednik Google Chrome!<\/p>\n<h3>Preduvjeti za seminarska izlaganja kori\u0161tenjem aktivnosti BigBlueButton<\/h3>\n<ol>\n<li>Nastavnik treba na svom e-kolegiju napraviti <strong>zasebnu<\/strong> BigBlueButton aktivnost za potrebe seminarskog izlaganja.<\/li>\n<li>Studenti trebaju imati <strong>pripremljenu prezentaciju, slu\u0161alice, mikrofon i web-kameru<\/strong> (ako koriste prijenosno ra\u010dunalo, mikrofon i web-kamera su ve\u0107 ugra\u0111eni u ra\u010dunalo).<\/li>\n<li>Odr\u017eavanje <strong>barem jednog probnog izlaganja od strane studenata<\/strong> (u drugom terminu).<\/li>\n<li>Studenti koji nemaju seminarsko izlaganje, aktivnosti BigBlueButton pristupaju kao i <strong>bilo kojem drugom online predavanju u toj aktivnosti <\/strong>(osim ako je potrebno koristiti i mikrofon, kada je potrebno pri priklju\u010divanju sesiji odabrati ikonu mikrofona).<\/li>\n<\/ol>\n<h3>Priklju\u010divanje sesiji za studente koji izla\u017eu seminare<\/h3>\n<p>Kako biste pristupili sesiji za izlaganje seminarskog rada kori\u0161tenjem aktivnosti BigBlueButton, prvo trebate posjetiti e-kolegij na kojem se to seminarsko izlaganje treba odviti, a potom prona\u0107i i kliknuti na aktivnost.<\/p>\n<p>Unutar aktivnosti trebaju kliknuti na &#8220;<strong>Priklju\u010di se sesiji<\/strong>&#8220;.<\/p>\n<div id=\"attachment_1700\" style=\"width: 341px\" class=\"wp-caption aligncenter\"><img loading=\"lazy\" decoding=\"async\" aria-describedby=\"caption-attachment-1700\" class=\"wp-image-1700 size-full\" src=\"http:\/\/cpeu.ffzg.unizg.hr\/wp-content\/uploads\/2020\/04\/02A-prikljuci-se-sesiji.jpg\" alt=\"\" width=\"331\" height=\"125\" srcset=\"https:\/\/cpeu.ffzg.unizg.hr\/wp-content\/uploads\/2020\/04\/02A-prikljuci-se-sesiji.jpg 331w, https:\/\/cpeu.ffzg.unizg.hr\/wp-content\/uploads\/2020\/04\/02A-prikljuci-se-sesiji-300x113.jpg 300w\" sizes=\"auto, (max-width: 331px) 100vw, 331px\" \/><p id=\"caption-attachment-1700\" class=\"wp-caption-text\">Slika. Priklju\u010di se sesiji<\/p><\/div>\n<p>Trebate odabrati ikonu <strong>mikrofona<\/strong>, \u0161to ozna\u010dava da ste <strong>aktivni sudionik sesije i da \u0107ete izlagati svoj seminar <\/strong>(slika 3).<\/p>\n<div id=\"attachment_1668\" style=\"width: 597px\" class=\"wp-caption aligncenter\"><a href=\"http:\/\/cpeu.ffzg.unizg.hr\/wp-content\/uploads\/2020\/04\/03-odabir-mikrofona.png\"><img loading=\"lazy\" decoding=\"async\" aria-describedby=\"caption-attachment-1668\" class=\"size-full wp-image-1668\" src=\"http:\/\/cpeu.ffzg.unizg.hr\/wp-content\/uploads\/2020\/04\/03-odabir-mikrofona.png\" alt=\"\" width=\"587\" height=\"257\" srcset=\"https:\/\/cpeu.ffzg.unizg.hr\/wp-content\/uploads\/2020\/04\/03-odabir-mikrofona.png 587w, https:\/\/cpeu.ffzg.unizg.hr\/wp-content\/uploads\/2020\/04\/03-odabir-mikrofona-300x131.png 300w\" sizes=\"auto, (max-width: 587px) 100vw, 587px\" \/><\/a><p id=\"caption-attachment-1668\" class=\"wp-caption-text\">Slika 3. Odabir mikrofon \/ slu\u0161alice<\/p><\/div>\n<p>Potom \u0107e vas va\u0161 Internet preglednik (Google Chrome ili Mozilla Firefox) pitati \u017eelite li dati ovlasti udaljenom sustavu za kori\u0161tenje va\u0161eg mikrofona. <strong>Odgovorit \u0107ete potvrdno na taj upit.<\/strong><\/p>\n<div id=\"attachment_2076\" style=\"width: 379px\" class=\"wp-caption aligncenter\"><img loading=\"lazy\" decoding=\"async\" aria-describedby=\"caption-attachment-2076\" class=\"size-full wp-image-2076\" src=\"http:\/\/cpeu.ffzg.unizg.hr\/wp-content\/uploads\/2020\/05\/00-BBB-dozvola-mikrofon-2020-05-10_13-39-20.png\" alt=\"\" width=\"369\" height=\"141\" srcset=\"https:\/\/cpeu.ffzg.unizg.hr\/wp-content\/uploads\/2020\/05\/00-BBB-dozvola-mikrofon-2020-05-10_13-39-20.png 369w, https:\/\/cpeu.ffzg.unizg.hr\/wp-content\/uploads\/2020\/05\/00-BBB-dozvola-mikrofon-2020-05-10_13-39-20-300x115.png 300w\" sizes=\"auto, (max-width: 369px) 100vw, 369px\" \/><p id=\"caption-attachment-2076\" class=\"wp-caption-text\">Davanje dozvole pregledniku za kori\u0161tenje mikrofona<\/p><\/div>\n<p>Pri testu jeke (en. echo test) odaberite <strong>zeleni gumb\/ikonu<\/strong> (<strong>YES<\/strong>) (slika 4).<\/p>\n<div id=\"attachment_1671\" style=\"width: 556px\" class=\"wp-caption aligncenter\"><a href=\"http:\/\/cpeu.ffzg.unizg.hr\/wp-content\/uploads\/2020\/04\/04-test-jeke.png\"><img loading=\"lazy\" decoding=\"async\" aria-describedby=\"caption-attachment-1671\" class=\"size-full wp-image-1671\" src=\"http:\/\/cpeu.ffzg.unizg.hr\/wp-content\/uploads\/2020\/04\/04-test-jeke.png\" alt=\"\" width=\"546\" height=\"230\" srcset=\"https:\/\/cpeu.ffzg.unizg.hr\/wp-content\/uploads\/2020\/04\/04-test-jeke.png 546w, https:\/\/cpeu.ffzg.unizg.hr\/wp-content\/uploads\/2020\/04\/04-test-jeke-300x126.png 300w\" sizes=\"auto, (max-width: 546px) 100vw, 546px\" \/><\/a><p id=\"caption-attachment-1671\" class=\"wp-caption-text\">Slika 4. Test jeke (en. echo test)<\/p><\/div>\n<p>U ovom trenutku spojili ste se na online sesiju i moderator mo\u017ee s lijeve strane su\u010delja vidjeti va\u0161e ime i prezime.<\/p>\n<p>Po ulasku u sesiju, potrebno je <strong>ODMAH privremeno isklju\u010diti mikrofon<\/strong> klikom na <strong>ikonu mikrofona<\/strong> na dnu su\u010delja. Po dobivanju prava na rije\u010d od moderatora, mikrofon je potrebno upaliti.<\/p>\n<div class=\"mceTemp\"><\/div>\n<p>Kako biste uklju\u010dili web-kameru, potrebno je kliknuti na ikonu prekri\u017eene kamere:<\/p>\n<div id=\"attachment_1710\" class=\"wp-caption aligncenter\">\n<p><img loading=\"lazy\" decoding=\"async\" class=\"wp-image-1710 size-full\" src=\"http:\/\/cpeu.ffzg.unizg.hr\/wp-content\/uploads\/2020\/04\/omoguci-kameru.jpg\" sizes=\"auto, (max-width: 528px) 100vw, 528px\" srcset=\"https:\/\/cpeu.ffzg.unizg.hr\/wp-content\/uploads\/2020\/04\/omoguci-kameru.jpg 528w, https:\/\/cpeu.ffzg.unizg.hr\/wp-content\/uploads\/2020\/04\/omoguci-kameru-300x40.jpg 300w\" alt=\"\" width=\"528\" height=\"71\" aria-describedby=\"caption-attachment-1710\" \/><\/p>\n<p id=\"caption-attachment-1710\" class=\"wp-caption-text\">Uklju\u010divanje kamere<\/p>\n<\/div>\n<p>Potom \u0107e vas va\u0161 preglednik zatra\u017eiti dozvolu za kori\u0161enje web-kamere. <strong>Odgovorit \u0107ete potvrdno na taj upit (\u201cAllow\u201d).<\/strong><\/p>\n<div id=\"attachment_2074\" class=\"wp-caption aligncenter\">\n<p><img loading=\"lazy\" decoding=\"async\" class=\"size-full wp-image-2074\" src=\"http:\/\/cpeu.ffzg.unizg.hr\/wp-content\/uploads\/2020\/05\/00-BBB-dozvola-kamera-2020-05-10_13-38-27.png\" sizes=\"auto, (max-width: 366px) 100vw, 366px\" srcset=\"https:\/\/cpeu.ffzg.unizg.hr\/wp-content\/uploads\/2020\/05\/00-BBB-dozvola-kamera-2020-05-10_13-38-27.png 366w, https:\/\/cpeu.ffzg.unizg.hr\/wp-content\/uploads\/2020\/05\/00-BBB-dozvola-kamera-2020-05-10_13-38-27-300x117.png 300w\" alt=\"\" width=\"366\" height=\"143\" aria-describedby=\"caption-attachment-2074\" \/><\/p>\n<p id=\"caption-attachment-2074\" class=\"wp-caption-text\">Davanje dozvole pregledniku za kori\u0161tenje web-kamere<\/p>\n<\/div>\n<p>Sustav \u0107e vas u zasebnom prozoru pitati koju kameru \u017eelite koristiti i s kojim postavkama kvalitete (svakako odaberite \u201c<strong>Medium quality<\/strong>\u201c). Pri tome \u0107e u lijevom dijelu tog prozora biti prikaz s va\u0161e web-kamere u\u017eivo. Za po\u010detak dijeljenja web-kamere, kliknite na gumb \u201c<strong>Start sharing<\/strong>\u201c.<\/p>\n<div id=\"attachment_2078\" class=\"wp-caption aligncenter\">\n<p><img loading=\"lazy\" decoding=\"async\" class=\"size-full wp-image-2078\" src=\"http:\/\/cpeu.ffzg.unizg.hr\/wp-content\/uploads\/2020\/05\/00-BBB-kamera-postavke-2020-05-10_13-37-01.png\" sizes=\"auto, (max-width: 645px) 100vw, 645px\" srcset=\"https:\/\/cpeu.ffzg.unizg.hr\/wp-content\/uploads\/2020\/05\/00-BBB-kamera-postavke-2020-05-10_13-37-01.png 645w, https:\/\/cpeu.ffzg.unizg.hr\/wp-content\/uploads\/2020\/05\/00-BBB-kamera-postavke-2020-05-10_13-37-01-300x167.png 300w, https:\/\/cpeu.ffzg.unizg.hr\/wp-content\/uploads\/2020\/05\/00-BBB-kamera-postavke-2020-05-10_13-37-01-624x347.png 624w\" alt=\"\" width=\"645\" height=\"359\" aria-describedby=\"caption-attachment-2078\" \/><\/p>\n<p id=\"caption-attachment-2078\" class=\"wp-caption-text\">Postavke web-kamere<\/p>\n<\/div>\n<p>Ako ste na seminarskom izlaganju\u00a0 u funkciji slu\u0161a\u010da i ne trebate odgovarati na pitanja ili u slu\u010daju da vas nastavnik to zamoli, <strong>privremeno isklju\u010dite mikrofon<\/strong> klikom na <strong>ikonu mikrofona (plave boje)<\/strong> na dnu su\u010delja.<\/p>\n<div id=\"attachment_1673\" class=\"wp-caption aligncenter\">\n<p><img loading=\"lazy\" decoding=\"async\" class=\"wp-image-1673 size-full\" src=\"http:\/\/cpeu.ffzg.unizg.hr\/wp-content\/uploads\/2020\/04\/05-mikrofon-ukljucen.png\" alt=\"\" width=\"293\" height=\"61\" aria-describedby=\"caption-attachment-1673\" \/><\/p>\n<p id=\"caption-attachment-1673\" class=\"wp-caption-text\">Ikona uklju\u010denog mikrofona<\/p>\n<\/div>\n<p>Po dobivanju prava na rije\u010d od nastavnika, mikrofon je potrebno upaliti klikom na <strong>ikonu prekri\u017eenog mikrofona<\/strong>.<\/p>\n<div id=\"attachment_1675\" class=\"wp-caption aligncenter\">\n<p><img loading=\"lazy\" decoding=\"async\" class=\"wp-image-1675 size-full\" src=\"http:\/\/cpeu.ffzg.unizg.hr\/wp-content\/uploads\/2020\/04\/06-mikrofon-iskljucen.png\" alt=\"\" width=\"294\" height=\"58\" aria-describedby=\"caption-attachment-1675\" \/><\/p>\n<p id=\"caption-attachment-1675\" class=\"wp-caption-text\">Ikona isklju\u010denog mikrofona<\/p>\n<\/div>\n<div class=\"mceTemp\"><\/div>\n<p><strong>OVO MORA NAPRAVITI NASTAVNIK:<\/strong> Nastavnik \u0107e studente koji imaju seminarsko izlaganje potom prebaciti iz uloge gledatelja u ulogu prezentera, slijede\u0107i upute dostupne ovdje: <a href=\"https:\/\/cpeu.ffzg.unizg.hr\/?page_id=1731\" target=\"_blank\" rel=\"noopener noreferrer\">https:\/\/cpeu.ffzg.unizg.hr\/?page_id=1731<\/a><\/p>\n<p><strong>VA\u017dNO!<\/strong> Ako vi\u0161e studenata dr\u017ei seminarska izlaganja u jednom terminu, nastavnik treba prebaciti te studente iz uloge gledatelja u ulogu prezentera<strong> jednog po jednog<\/strong> (kada jedan student zavr\u0161i, nastavnik ga prebacuje u ulogu gledatelja, a drugog studenta postavlja u ulogu prezentera i tako redom).<\/p>\n<h3>Postavljanje prezentacije u aktivnost BigBlueButton<\/h3>\n<p>Upute kako postaviti prezentaciju u aktivnost BigBlueButton nalaze se ovdje: <a href=\"https:\/\/cpeu.ffzg.unizg.hr\/?page_id=1903\" target=\"_blank\" rel=\"noopener noreferrer\">https:\/\/cpeu.ffzg.unizg.hr\/?page_id=1903<\/a><\/p>\n<p>Upute kako se koriste kontrole za prezentaciju u aktivnosti BigBlueButton nalaze se ovdje: <a href=\"https:\/\/cpeu.ffzg.unizg.hr\/?page_id=1851\" target=\"_blank\" rel=\"noopener noreferrer\">https:\/\/cpeu.ffzg.unizg.hr\/?page_id=1851<\/a><\/p>\n<h3>Video upute za kori\u0161tenje aktivnosti BigBlueButton<\/h3>\n<p>Video upute kako se koristiti aktivno\u0161\u0107u BigBlueButton su ovdje (<strong>napomena:<\/strong> ako seminarsko izlaganje ne\u0107e biti snimano, presko\u010dite samo taj dio uputa (o pokretanju snimanja, a ostali dijelovi vrijede za ovu namjenu):<\/p>\n<p><iframe loading=\"lazy\" title=\"Omega - kori\u0161tenje BigBlueButton aktivnosti za snimanje predavanja\" width=\"625\" height=\"352\" src=\"https:\/\/www.youtube.com\/embed\/o4IMqsj5o44?feature=oembed\" frameborder=\"0\" allow=\"accelerometer; autoplay; clipboard-write; encrypted-media; gyroscope; picture-in-picture; web-share\" referrerpolicy=\"strict-origin-when-cross-origin\" allowfullscreen><\/iframe><\/p>\n<p>&nbsp;<\/p>\n","protected":false},"excerpt":{"rendered":"<p>VA\u017dNA NAPOMENA: Za pristup trebate koristiti prijenosno ili stolno ra\u010dunalo, morate imati mikrofon i slu\u0161alice te morate koristiti neki od sigurnih Internet preglednika poput Mozilla Firefox ili Google Chrome. NIKAKO nemojte koristiti Internet Explorer, Microsoft Edge ili Safari! Ako koristite pametni telefon ili tablet, koristite na njemu preglednik Google Chrome! Preduvjeti za seminarska izlaganja kori\u0161tenjem [&hellip;]<\/p>\n","protected":false},"author":1,"featured_media":0,"parent":62,"menu_order":0,"comment_status":"closed","ping_status":"closed","template":"","meta":{"footnotes":""},"class_list":["post-2190","page","type-page","status-publish","hentry"],"jetpack_sharing_enabled":true,"_links":{"self":[{"href":"https:\/\/cpeu.ffzg.unizg.hr\/index.php?rest_route=\/wp\/v2\/pages\/2190","targetHints":{"allow":["GET"]}}],"collection":[{"href":"https:\/\/cpeu.ffzg.unizg.hr\/index.php?rest_route=\/wp\/v2\/pages"}],"about":[{"href":"https:\/\/cpeu.ffzg.unizg.hr\/index.php?rest_route=\/wp\/v2\/types\/page"}],"author":[{"embeddable":true,"href":"https:\/\/cpeu.ffzg.unizg.hr\/index.php?rest_route=\/wp\/v2\/users\/1"}],"replies":[{"embeddable":true,"href":"https:\/\/cpeu.ffzg.unizg.hr\/index.php?rest_route=%2Fwp%2Fv2%2Fcomments&post=2190"}],"version-history":[{"count":10,"href":"https:\/\/cpeu.ffzg.unizg.hr\/index.php?rest_route=\/wp\/v2\/pages\/2190\/revisions"}],"predecessor-version":[{"id":3000,"href":"https:\/\/cpeu.ffzg.unizg.hr\/index.php?rest_route=\/wp\/v2\/pages\/2190\/revisions\/3000"}],"up":[{"embeddable":true,"href":"https:\/\/cpeu.ffzg.unizg.hr\/index.php?rest_route=\/wp\/v2\/pages\/62"}],"wp:attachment":[{"href":"https:\/\/cpeu.ffzg.unizg.hr\/index.php?rest_route=%2Fwp%2Fv2%2Fmedia&parent=2190"}],"curies":[{"name":"wp","href":"https:\/\/api.w.org\/{rel}","templated":true}]}}