{"id":670,"date":"2017-09-21T06:34:24","date_gmt":"2017-09-21T05:34:24","guid":{"rendered":"http:\/\/cpeu.ffzg.unizg.hr?page_id=670"},"modified":"2020-03-20T20:23:05","modified_gmt":"2020-03-20T19:23:05","slug":"radionica-novosti-u-sustavu-omega-2017-za-nastavnike","status":"publish","type":"page","link":"https:\/\/cpeu.ffzg.unizg.hr\/?page_id=670","title":{"rendered":"Radionica &#8220;Novosti u sustavu Omega 2017&#8221; (za nastavnike)"},"content":{"rendered":"<p><strong>Opis:<\/strong> Radionica je namijenjena nastavnicima FFZG koji otprije koriste Sustav u\u010denja na daljinu Omega i na njemu odr\u017eavaju e-kolegije. U sklopu radionice \u0107e polaznici upoznati nove online aktivnosti, nau\u010diti koristiti postavke pojedinih aktivnosti i resursa.<\/p>\n<p><strong>Preduvjeti:<\/strong> Nastavnici trebaju imati otvorene e-kolegije na Sustavu u\u010denja na daljinu Omega. Po potrebi, mogu imati i digitalizirane nastavne materijale. Nastavnici moraju imati valjane podatke za pristup AAI elektroni\u010dkom identitetu.<\/p>\n<p><strong>Trajanje:<\/strong> Radionica traje 45 minuta.<\/p>\n<p><strong>Broj polaznika:<\/strong> Najvi\u0161e 20 polaznika.<\/p>\n<p><strong>Datum i vrijeme odr\u017eavanja:<\/strong> 26. i 28. rujna 2017.<\/p>\n<p><strong>Lokacija:<\/strong> ra\u010dunalna u\u010dionica <strong>A103<\/strong> u glavnoj zgradi FFZG<\/p>\n<p><strong>Prijava na radionicu:<\/strong><\/p>\n<p class=\"wpcf7-contact-form-not-found\"><strong>Gre\u0161ka:<\/strong> Kontakt obrazac nije prona\u0111en.<\/p>\n","protected":false},"excerpt":{"rendered":"<p>Opis: Radionica je namijenjena nastavnicima FFZG koji otprije koriste Sustav u\u010denja na daljinu Omega i na njemu odr\u017eavaju e-kolegije. U sklopu radionice \u0107e polaznici upoznati nove online aktivnosti, nau\u010diti koristiti postavke pojedinih aktivnosti i resursa. Preduvjeti: Nastavnici trebaju imati otvorene e-kolegije na Sustavu u\u010denja na daljinu Omega. Po potrebi, mogu imati i digitalizirane nastavne materijale. [&hellip;]<\/p>\n","protected":false},"author":1,"featured_media":0,"parent":28,"menu_order":0,"comment_status":"closed","ping_status":"closed","template":"","meta":{"footnotes":""},"class_list":["post-670","page","type-page","status-publish","hentry"],"jetpack_sharing_enabled":true,"_links":{"self":[{"href":"https:\/\/cpeu.ffzg.unizg.hr\/index.php?rest_route=\/wp\/v2\/pages\/670","targetHints":{"allow":["GET"]}}],"collection":[{"href":"https:\/\/cpeu.ffzg.unizg.hr\/index.php?rest_route=\/wp\/v2\/pages"}],"about":[{"href":"https:\/\/cpeu.ffzg.unizg.hr\/index.php?rest_route=\/wp\/v2\/types\/page"}],"author":[{"embeddable":true,"href":"https:\/\/cpeu.ffzg.unizg.hr\/index.php?rest_route=\/wp\/v2\/users\/1"}],"replies":[{"embeddable":true,"href":"https:\/\/cpeu.ffzg.unizg.hr\/index.php?rest_route=%2Fwp%2Fv2%2Fcomments&post=670"}],"version-history":[{"count":3,"href":"https:\/\/cpeu.ffzg.unizg.hr\/index.php?rest_route=\/wp\/v2\/pages\/670\/revisions"}],"predecessor-version":[{"id":674,"href":"https:\/\/cpeu.ffzg.unizg.hr\/index.php?rest_route=\/wp\/v2\/pages\/670\/revisions\/674"}],"up":[{"embeddable":true,"href":"https:\/\/cpeu.ffzg.unizg.hr\/index.php?rest_route=\/wp\/v2\/pages\/28"}],"wp:attachment":[{"href":"https:\/\/cpeu.ffzg.unizg.hr\/index.php?rest_route=%2Fwp%2Fv2%2Fmedia&parent=670"}],"curies":[{"name":"wp","href":"https:\/\/api.w.org\/{rel}","templated":true}]}}