{"id":849,"date":"2020-03-12T08:29:20","date_gmt":"2020-03-12T07:29:20","guid":{"rendered":"http:\/\/cpeu.ffzg.unizg.hr\/?page_id=849"},"modified":"2020-04-01T17:25:02","modified_gmt":"2020-04-01T16:25:02","slug":"organizacija-e-kolegija","status":"publish","type":"page","link":"https:\/\/cpeu.ffzg.unizg.hr\/?page_id=849","title":{"rendered":"Organizacija e-kolegija"},"content":{"rendered":"<p>Sredi\u0161nji dio su\u010delja prikazuje sadr\u017eaj e-kolegija po sekcijama (temama ili tjednima). Unutar sekcija nastavnik mo\u017ee postavljati resurse i izra\u0111ivati aktivnosti (broj resursa i aktivnosti po pojedinoj sekciji nije ograni\u010den). Pojedini blokovi u lijevom i desnom stupcu prikazuju se ovisno o kontekstu i dijelu e-kolegija u kojem se trenuta\u010dno nalazi korisnik.<\/p>\n<p><strong>Resursi<\/strong> su nastavni materijali nu\u017eni za odr\u017eavanje e-kolegija, npr. tekstovi, poveznice ili multimedijske datoteke. Resursi mogu biti pohranjeni na sustavu Omega ili to mogu biti poveznice na dostupne izvore na internetu. Te materijale studenti mogu pregledavati, pohraniti na svoje ra\u010dunalo, otisnuti, ali bez daljnje interakcije s drugim studentima ili nastavnikom (u online-okru\u017eenju). Nastavnik mo\u017ee putem izvje\u0161taja o aktivnosti vidjeti tko je, kada i s koje lokacije pristupio pojedinom resursu.<\/p>\n<table id=\"tablepress-6\" class=\"tablepress tablepress-id-6\">\n<caption><a href=\"https:\/\/cpeu.ffzg.unizg.hr\/wp-admin\/admin.php?page=tablepress&amp;action=edit&amp;table_id=6\">Uredi<\/a><\/caption>\n<tbody>\n<tr class=\"row-1\">\n<td class=\"column-1\"><center><a href=\"http:\/\/cpeu.ffzg.unizg.hr\/wp-content\/uploads\/2016\/01\/natpis.png\" rel=\"attachment wp-att-556\"><img loading=\"lazy\" decoding=\"async\" class=\"size-full wp-image-556\" src=\"http:\/\/cpeu.ffzg.unizg.hr\/wp-content\/uploads\/2016\/01\/natpis.png\" alt=\"Natpis\" width=\"24\" height=\"24\" \/><\/a><br \/>\nNatpis<\/center><\/td>\n<td class=\"column-2\"><center><a href=\"http:\/\/cpeu.ffzg.unizg.hr\/wp-content\/uploads\/2016\/01\/stranica.png\" rel=\"attachment wp-att-557\"><img loading=\"lazy\" decoding=\"async\" class=\"size-full wp-image-557\" src=\"http:\/\/cpeu.ffzg.unizg.hr\/wp-content\/uploads\/2016\/01\/stranica.png\" alt=\"Stranica\" width=\"24\" height=\"24\" \/><\/a><br \/>\nStranica<\/center><\/td>\n<td class=\"column-3\"><center><a href=\"http:\/\/cpeu.ffzg.unizg.hr\/wp-content\/uploads\/2016\/01\/poveznica.png\" rel=\"attachment wp-att-558\"><img loading=\"lazy\" decoding=\"async\" class=\"size-full wp-image-558\" src=\"http:\/\/cpeu.ffzg.unizg.hr\/wp-content\/uploads\/2016\/01\/poveznica.png\" alt=\"Poveznica\" width=\"24\" height=\"24\" \/><\/a><br \/>\nPoveznica<\/center><\/td>\n<td class=\"column-4\"><center><a href=\"http:\/\/cpeu.ffzg.unizg.hr\/wp-content\/uploads\/2016\/01\/datoteka.png\" rel=\"attachment wp-att-559\"><img loading=\"lazy\" decoding=\"async\" class=\"size-full wp-image-559\" src=\"http:\/\/cpeu.ffzg.unizg.hr\/wp-content\/uploads\/2016\/01\/datoteka.png\" alt=\"Datoteka\" width=\"24\" height=\"24\" \/><\/a><br \/>\nDatoteka<\/center><\/td>\n<td class=\"column-5\"><center><a href=\"http:\/\/cpeu.ffzg.unizg.hr\/wp-content\/uploads\/2016\/01\/mapa.png\" rel=\"attachment wp-att-560\"><img loading=\"lazy\" decoding=\"async\" class=\"size-full wp-image-560\" src=\"http:\/\/cpeu.ffzg.unizg.hr\/wp-content\/uploads\/2016\/01\/mapa.png\" alt=\"Mapa\" width=\"24\" height=\"24\" \/><\/a><br \/>\nMapa<\/center><\/td>\n<td class=\"column-6\"><center><a href=\"http:\/\/cpeu.ffzg.unizg.hr\/wp-content\/uploads\/2016\/01\/knjiga.png\" rel=\"attachment wp-att-561\"><img loading=\"lazy\" decoding=\"async\" class=\"size-full wp-image-561\" src=\"http:\/\/cpeu.ffzg.unizg.hr\/wp-content\/uploads\/2016\/01\/knjiga.png\" alt=\"Knjiga\" width=\"24\" height=\"25\" \/><\/a><br \/>\nKnjiga<\/center><\/td>\n<\/tr>\n<\/tbody>\n<\/table>\n<p><strong>Aktivnosti<\/strong> se od resursa razlikuju po tome \u0161to se njima ostvaruje interakcija nastavnika sa studentima te me\u0111u studentima. Aktivnosti mogu biti izra\u0111ene i pohranjene na sustavu Omega, ali se mogu upotrebljavati i vanjski alati i servisi po potrebi. Ocjenjivanje rada studenata mogu\u0107e je putem aktivnosti, za razliku od resursa.<\/p>\n<table id=\"tablepress-7\" class=\"tablepress tablepress-id-7\">\n<caption><a href=\"https:\/\/cpeu.ffzg.unizg.hr\/wp-admin\/admin.php?page=tablepress&amp;action=edit&amp;table_id=7\">Uredi<\/a><\/caption>\n<tbody>\n<tr class=\"row-1\">\n<td class=\"column-1\"><center><a href=\"http:\/\/cpeu.ffzg.unizg.hr\/wp-content\/uploads\/2016\/01\/odabir.png\" rel=\"attachment wp-att-577\"><img loading=\"lazy\" decoding=\"async\" class=\"aligncenter size-full wp-image-577\" src=\"http:\/\/cpeu.ffzg.unizg.hr\/wp-content\/uploads\/2016\/01\/odabir.png\" alt=\"Odabir\" width=\"24\" height=\"25\" \/><\/a><br \/>\nOdabir<\/center><\/td>\n<td class=\"column-2\"><center><a href=\"http:\/\/cpeu.ffzg.unizg.hr\/wp-content\/uploads\/2016\/01\/zadaca.png\" rel=\"attachment wp-att-578\"><img loading=\"lazy\" decoding=\"async\" class=\"aligncenter size-full wp-image-578\" src=\"http:\/\/cpeu.ffzg.unizg.hr\/wp-content\/uploads\/2016\/01\/zadaca.png\" alt=\"Zada\u0107a\" width=\"25\" height=\"24\" \/><\/a><br \/>\nZada\u0107a<\/center><\/td>\n<td class=\"column-3\"><center><a href=\"http:\/\/cpeu.ffzg.unizg.hr\/wp-content\/uploads\/2016\/01\/rjecnik.png\" rel=\"attachment wp-att-579\"><img loading=\"lazy\" decoding=\"async\" class=\"aligncenter size-full wp-image-579\" src=\"http:\/\/cpeu.ffzg.unizg.hr\/wp-content\/uploads\/2016\/01\/rjecnik.png\" alt=\"Rje\u010dnik\" width=\"24\" height=\"24\" \/><\/a><br \/>\nRje\u010dnik<\/center><\/td>\n<td class=\"column-4\"><center><a href=\"http:\/\/cpeu.ffzg.unizg.hr\/wp-content\/uploads\/2016\/01\/prisutnost.png\" rel=\"attachment wp-att-580\"><img loading=\"lazy\" decoding=\"async\" class=\"aligncenter size-full wp-image-580\" src=\"http:\/\/cpeu.ffzg.unizg.hr\/wp-content\/uploads\/2016\/01\/prisutnost.png\" alt=\"Prisutnost\" width=\"24\" height=\"24\" \/><\/a><br \/>\nPrisutnost<\/center><\/td>\n<td class=\"column-5\"><center><a href=\"http:\/\/cpeu.ffzg.unizg.hr\/wp-content\/uploads\/2016\/01\/forum.png\" rel=\"attachment wp-att-581\"><img loading=\"lazy\" decoding=\"async\" class=\"aligncenter size-full wp-image-581\" src=\"http:\/\/cpeu.ffzg.unizg.hr\/wp-content\/uploads\/2016\/01\/forum.png\" alt=\"Forum\" width=\"24\" height=\"24\" \/><\/a><br \/>\nForum<\/center><\/td>\n<td class=\"column-6\"><center><a href=\"http:\/\/cpeu.ffzg.unizg.hr\/wp-content\/uploads\/2016\/01\/anketa.png\" rel=\"attachment wp-att-582\"><img loading=\"lazy\" decoding=\"async\" class=\"aligncenter size-full wp-image-582\" src=\"http:\/\/cpeu.ffzg.unizg.hr\/wp-content\/uploads\/2016\/01\/anketa.png\" alt=\"Anketa\" width=\"25\" height=\"25\" \/><\/a><br \/>\nAnketa<\/center><\/td>\n<\/tr>\n<tr class=\"row-2\">\n<td class=\"column-1\"><center><a href=\"http:\/\/cpeu.ffzg.unizg.hr\/wp-content\/uploads\/2016\/01\/odabir.png\" rel=\"attachment wp-att-577\"><img loading=\"lazy\" decoding=\"async\" class=\"aligncenter size-full wp-image-577\" src=\"http:\/\/cpeu.ffzg.unizg.hr\/wp-content\/uploads\/2016\/01\/odabir.png\" alt=\"Odabir\" width=\"24\" height=\"25\" \/><\/a><br \/>\nOdabir<\/center><\/td>\n<td class=\"column-2\"><center><a href=\"http:\/\/cpeu.ffzg.unizg.hr\/wp-content\/uploads\/2016\/01\/zadaca.png\" rel=\"attachment wp-att-578\"><img loading=\"lazy\" decoding=\"async\" class=\"aligncenter size-full wp-image-578\" src=\"http:\/\/cpeu.ffzg.unizg.hr\/wp-content\/uploads\/2016\/01\/zadaca.png\" alt=\"Zada\u0107a\" width=\"25\" height=\"24\" \/><\/a><br \/>\nZada\u0107a<\/center><\/td>\n<td class=\"column-3\"><center><a href=\"http:\/\/cpeu.ffzg.unizg.hr\/wp-content\/uploads\/2016\/01\/rjecnik.png\" rel=\"attachment wp-att-579\"><img loading=\"lazy\" decoding=\"async\" class=\"aligncenter size-full wp-image-579\" src=\"http:\/\/cpeu.ffzg.unizg.hr\/wp-content\/uploads\/2016\/01\/rjecnik.png\" alt=\"Rje\u010dnik\" width=\"24\" height=\"24\" \/><\/a><br \/>\nRje\u010dnik<\/center><\/td>\n<td class=\"column-4\"><center><a href=\"http:\/\/cpeu.ffzg.unizg.hr\/wp-content\/uploads\/2016\/01\/prisutnost.png\" rel=\"attachment wp-att-580\"><img loading=\"lazy\" decoding=\"async\" class=\"aligncenter size-full wp-image-580\" src=\"http:\/\/cpeu.ffzg.unizg.hr\/wp-content\/uploads\/2016\/01\/prisutnost.png\" alt=\"Prisutnost\" width=\"24\" height=\"24\" \/><\/a><br \/>\nPrisutnost<\/center><\/td>\n<td class=\"column-5\"><center><a href=\"http:\/\/cpeu.ffzg.unizg.hr\/wp-content\/uploads\/2016\/01\/forum.png\" rel=\"attachment wp-att-581\"><img loading=\"lazy\" decoding=\"async\" class=\"aligncenter size-full wp-image-581\" src=\"http:\/\/cpeu.ffzg.unizg.hr\/wp-content\/uploads\/2016\/01\/forum.png\" alt=\"Forum\" width=\"24\" height=\"24\" \/><\/a><br \/>\nForum<\/center><\/td>\n<td class=\"column-6\"><center><a href=\"http:\/\/cpeu.ffzg.unizg.hr\/wp-content\/uploads\/2016\/01\/anketa.png\" rel=\"attachment wp-att-582\"><img loading=\"lazy\" decoding=\"async\" class=\"aligncenter size-full wp-image-582\" src=\"http:\/\/cpeu.ffzg.unizg.hr\/wp-content\/uploads\/2016\/01\/anketa.png\" alt=\"Anketa\" width=\"25\" height=\"25\" \/><\/a><br \/>\nAnketa<\/center><\/td>\n<\/tr>\n<\/tbody>\n<\/table>\n<h2>2.4.1. Ure\u0111ivanje sadr\u017eaja e-kolegija<\/h2>\n<p>Kako bi bilo omogu\u0107eno ure\u0111ivanje pojedine sekcije, dodavanje resursa, aktivnosti, blokova, odnosno dodavanje i mijenjanje sadr\u017eaja e-kolegija, potrebno je kliknuti na gumb <strong>Omogu\u0107i<\/strong> <strong>izmjene<\/strong> u gornjem desnom kutu (ili na istoimenu poveznicu u bloku <strong>Postavke<\/strong> &gt; <strong>Administracija e-kolegija<\/strong> smje\u0161tenom dolje lijevo). Naziv tog gumba (i poveznice) nakon toga se mijenja u <strong>Onemogu\u0107i izmjene<\/strong> \u2013 taj je gumb potrebno odabrati nakon zavr\u0161etka postupka ure\u0111ivanja e-kolegija.<\/p>\n<div id=\"attachment_542\" class=\"wp-caption aligncenter\">\n<p><a href=\"http:\/\/cpeu.ffzg.unizg.hr\/wp-content\/uploads\/2016\/01\/16-omoguci-izmjene-gumb.png\" rel=\"attachment wp-att-542\"><img loading=\"lazy\" decoding=\"async\" class=\"wp-image-542 size-full\" src=\"http:\/\/cpeu.ffzg.unizg.hr\/wp-content\/uploads\/2016\/01\/16-omoguci-izmjene-gumb.png\" alt=\"Gumb Omogu\u0107i izmjene\" width=\"140\" height=\"36\" aria-describedby=\"caption-attachment-542\" \/><\/a><\/p>\n<p id=\"caption-attachment-542\" class=\"wp-caption-text\">Gumb Omogu\u0107i izmjene<\/p>\n<\/div>\n<p>Izgled su\u010delja bez omogu\u0107enih izmjena sli\u010dan je izgledu e-kolegija kakav \u0107e biti vidljiv polaznicima e-kolegija.<\/p>\n<p>Resursi i aktivnosti dodaju se odabirom poveznice <strong>+Dodajte aktivnost ili resurs<\/strong> koja se nalazi u pojedinoj temi\/tjednu te odabirom \u017eeljene vrste resursa ili aktivnosti iz ponu\u0111enoga izbornika.<\/p>\n<div id=\"attachment_543\" class=\"wp-caption aligncenter\">\n<p><a href=\"http:\/\/cpeu.ffzg.unizg.hr\/wp-content\/uploads\/2016\/01\/17-dodajte-aktivnost-ili-resurs.png\" rel=\"attachment wp-att-543\"><img loading=\"lazy\" decoding=\"async\" class=\"wp-image-543 size-full\" src=\"http:\/\/cpeu.ffzg.unizg.hr\/wp-content\/uploads\/2016\/01\/17-dodajte-aktivnost-ili-resurs.png\" alt=\"Poveznica Dodajte aktivnost ili resurs\" width=\"197\" height=\"26\" aria-describedby=\"caption-attachment-543\" \/><\/a><\/p>\n<p id=\"caption-attachment-543\" class=\"wp-caption-text\">Poveznica Dodajte aktivnost ili resurs<\/p>\n<\/div>\n<p>Odabirom pojedine aktivnosti ili resursa na lijevoj strani izbornika s desne se strane izbornika prikazuje kra\u0107i opis odabrane stavke i navodi se primjer mogu\u0107e primjene.<\/p>\n<div id=\"attachment_544\" class=\"wp-caption aligncenter\">\n<p><a href=\"http:\/\/cpeu.ffzg.unizg.hr\/wp-content\/uploads\/2016\/01\/18-izbornik-aktivnosti-resursi.png\" rel=\"attachment wp-att-544\"><img loading=\"lazy\" decoding=\"async\" class=\"wp-image-544 size-full\" src=\"http:\/\/cpeu.ffzg.unizg.hr\/wp-content\/uploads\/2016\/01\/18-izbornik-aktivnosti-resursi.png\" sizes=\"auto, (max-width: 552px) 100vw, 552px\" srcset=\"https:\/\/cpeu.ffzg.unizg.hr\/wp-content\/uploads\/2016\/01\/18-izbornik-aktivnosti-resursi.png 552w, https:\/\/cpeu.ffzg.unizg.hr\/wp-content\/uploads\/2016\/01\/18-izbornik-aktivnosti-resursi-213x300.png 213w\" alt=\"Izbornik Dodajte aktivnost ili resurs\" width=\"552\" height=\"778\" aria-describedby=\"caption-attachment-544\" \/><\/a><\/p>\n<p id=\"caption-attachment-544\" class=\"wp-caption-text\">Izbornik Dodajte aktivnost ili resurs<\/p>\n<\/div>\n<p>Kada su omogu\u0107ene izmjene na razini e-kolegija, pored svakog dijela su\u010delja ili pojedine stavke nalaze se ikone i\/ili poveznice koje omogu\u0107avaju izmjene ili ure\u0111ivanje. Pokraj svake od stavki u sredi\u0161njem dijelu su\u010delja nalazi se padaju\u0107i izbornik <strong>Uredi<\/strong> (koji naj\u010de\u0161\u0107e sadr\u017ei naredbe: <strong>Uredi<\/strong> <strong>postavke<\/strong>, <strong>Pomakni udesno<\/strong> (ili <strong>ulijevo<\/strong>), <strong>Skrij<\/strong>,<strong> Izradi kopiju<\/strong>, <strong>Dodijeli<\/strong> <strong>uloge<\/strong>, <strong>Izbri\u0161i<\/strong>).<br \/>\n<strong>Uredi postavke<\/strong> otvara prozor s postavkama odre\u0111ene stavke (identi\u010dno su\u010delju za izradu pojedine stavke).<strong> Pomakni udesno<\/strong> (ili <strong>ulijevo<\/strong>) slu\u017ei pomicanju poveznice na stavku udesno ili ulijevo na naslovnici e-kolegija. Naredba <strong>Skrij<\/strong> mo\u017ee se upotrijebiti za privremeno skrivanje neke stavke od studenata. Naredba<strong> Izradi kopiju<\/strong> omogu\u0107ava izradu potpuno identi\u010dne aktivnosti ili resursa (naziv kopirane stavke u po\u010detku je identi\u010dan izvornom nazivu).<\/p>\n<div id=\"attachment_545\" class=\"wp-caption alignnone\">\n<p><a href=\"http:\/\/cpeu.ffzg.unizg.hr\/wp-content\/uploads\/2016\/01\/19-izbornik-uredi.png\" rel=\"attachment wp-att-545\"><img loading=\"lazy\" decoding=\"async\" class=\"wp-image-545 size-full\" src=\"http:\/\/cpeu.ffzg.unizg.hr\/wp-content\/uploads\/2016\/01\/19-izbornik-uredi.png\" alt=\"Izbornik Uredi\" width=\"168\" height=\"224\" aria-describedby=\"caption-attachment-545\" \/><\/a><\/p>\n<p id=\"caption-attachment-545\" class=\"wp-caption-text\">Izbornik Uredi<\/p>\n<\/div>\n<p>Naredba <strong>Dodijeli uloge<\/strong> omogu\u0107ava dodjelu dodatnih ovlasti nad nekom stavkom odre\u0111enim studentima upisanima u e-kolegij. Naredbom <strong>Izbri\u0161i<\/strong> mo\u017ee se izbrisati aktivnost ili resurs, pri \u010demu \u0107e sustav od korisnika zatra\u017eiti dodatnu potvrdu te operacije.<br \/>\nAko se samo \u017eeli <strong>preimenovati neka stavka<\/strong> u sredi\u0161njem dijelu su\u010delja, to je mogu\u0107e napraviti klikom na ikonu OLOVKE desno od stavke (tj. nema potrebe za otvaranjem svih postavki stavke).<\/p>\n<div id=\"attachment_547\" class=\"wp-caption aligncenter\">\n<p><a href=\"http:\/\/cpeu.ffzg.unizg.hr\/wp-content\/uploads\/2016\/01\/20-preimenovanje.png\" rel=\"attachment wp-att-547\"><img loading=\"lazy\" decoding=\"async\" class=\"wp-image-547 size-full\" src=\"http:\/\/cpeu.ffzg.unizg.hr\/wp-content\/uploads\/2016\/01\/20-preimenovanje.png\" sizes=\"auto, (max-width: 434px) 100vw, 434px\" srcset=\"https:\/\/cpeu.ffzg.unizg.hr\/wp-content\/uploads\/2016\/01\/20-preimenovanje.png 434w, https:\/\/cpeu.ffzg.unizg.hr\/wp-content\/uploads\/2016\/01\/20-preimenovanje-300x44.png 300w\" alt=\"Preimenovanje resursa ili aktivnosti\" width=\"434\" height=\"63\" aria-describedby=\"caption-attachment-547\" \/><\/a><\/p>\n<p id=\"caption-attachment-547\" class=\"wp-caption-text\">Preimenovanje resursa ili aktivnosti<\/p>\n<\/div>\n","protected":false},"excerpt":{"rendered":"<p>Sredi\u0161nji dio su\u010delja prikazuje sadr\u017eaj e-kolegija po sekcijama (temama ili tjednima). Unutar sekcija nastavnik mo\u017ee postavljati resurse i izra\u0111ivati aktivnosti (broj resursa i aktivnosti po pojedinoj sekciji nije ograni\u010den). Pojedini blokovi u lijevom i desnom stupcu prikazuju se ovisno o kontekstu i dijelu e-kolegija u kojem se trenuta\u010dno nalazi korisnik. Resursi su nastavni materijali nu\u017eni [&hellip;]<\/p>\n","protected":false},"author":1,"featured_media":0,"parent":485,"menu_order":0,"comment_status":"closed","ping_status":"closed","template":"","meta":{"footnotes":""},"class_list":["post-849","page","type-page","status-publish","hentry"],"jetpack_sharing_enabled":true,"_links":{"self":[{"href":"https:\/\/cpeu.ffzg.unizg.hr\/index.php?rest_route=\/wp\/v2\/pages\/849","targetHints":{"allow":["GET"]}}],"collection":[{"href":"https:\/\/cpeu.ffzg.unizg.hr\/index.php?rest_route=\/wp\/v2\/pages"}],"about":[{"href":"https:\/\/cpeu.ffzg.unizg.hr\/index.php?rest_route=\/wp\/v2\/types\/page"}],"author":[{"embeddable":true,"href":"https:\/\/cpeu.ffzg.unizg.hr\/index.php?rest_route=\/wp\/v2\/users\/1"}],"replies":[{"embeddable":true,"href":"https:\/\/cpeu.ffzg.unizg.hr\/index.php?rest_route=%2Fwp%2Fv2%2Fcomments&post=849"}],"version-history":[{"count":2,"href":"https:\/\/cpeu.ffzg.unizg.hr\/index.php?rest_route=\/wp\/v2\/pages\/849\/revisions"}],"predecessor-version":[{"id":1444,"href":"https:\/\/cpeu.ffzg.unizg.hr\/index.php?rest_route=\/wp\/v2\/pages\/849\/revisions\/1444"}],"up":[{"embeddable":true,"href":"https:\/\/cpeu.ffzg.unizg.hr\/index.php?rest_route=\/wp\/v2\/pages\/485"}],"wp:attachment":[{"href":"https:\/\/cpeu.ffzg.unizg.hr\/index.php?rest_route=%2Fwp%2Fv2%2Fmedia&parent=849"}],"curies":[{"name":"wp","href":"https:\/\/api.w.org\/{rel}","templated":true}]}}